Last updated on 2024-04-24 01:52:24 CEST.
Flavor | Version | Tinstall | Tcheck | Ttotal | Status | Flags |
---|---|---|---|---|---|---|
r-devel-linux-x86_64-debian-clang | 0.1.16 | 1523.72 | 250.31 | 1774.03 | NOTE | |
r-devel-linux-x86_64-debian-gcc | 0.1.16 | 1455.34 | 280.72 | 1736.06 | NOTE | |
r-devel-linux-x86_64-fedora-clang | 0.1.16 | 2183.97 | NOTE | |||
r-devel-linux-x86_64-fedora-gcc | 0.1.16 | 3090.02 | NOTE | |||
r-prerel-macos-arm64 | 0.1.16 | 525.00 | NOTE | |||
r-prerel-macos-x86_64 | 0.1.16 | 505.00 | NOTE | |||
r-prerel-windows-x86_64 | 0.1.16 | 1169.00 | 293.00 | 1462.00 | NOTE | |
r-patched-linux-x86_64 | 0.1.16 | 1193.28 | 368.03 | 1561.31 | NOTE | |
r-release-linux-x86_64 | 0.1.16 | 1273.39 | 367.52 | 1640.91 | NOTE | |
r-release-macos-arm64 | 0.1.16 | 500.00 | NOTE | |||
r-release-macos-x86_64 | 0.1.16 | 496.00 | NOTE | |||
r-release-windows-x86_64 | 0.1.16 | 1492.00 | 372.00 | 1864.00 | NOTE | |
r-oldrel-macos-arm64 | 0.1.16 | 470.00 | NOTE | |||
r-oldrel-windows-x86_64 | 0.1.16 | 1454.00 | 323.00 | 1777.00 | NOTE |
Version: 0.1.16
Check: for GNU extensions in Makefiles
Result: NOTE
GNU make is a SystemRequirements.
Flavors: r-devel-linux-x86_64-debian-clang, r-devel-linux-x86_64-debian-gcc, r-devel-linux-x86_64-fedora-clang, r-devel-linux-x86_64-fedora-gcc, r-prerel-macos-arm64, r-prerel-macos-x86_64, r-prerel-windows-x86_64, r-patched-linux-x86_64, r-release-linux-x86_64, r-release-macos-arm64, r-release-macos-x86_64, r-release-windows-x86_64, r-oldrel-macos-arm64, r-oldrel-windows-x86_64
Version: 0.1.16
Check: installed package size
Result: NOTE
installed size is 12.0Mb
sub-directories of 1Mb or more:
libs 11.6Mb
Flavors: r-devel-linux-x86_64-fedora-clang, r-prerel-macos-arm64, r-prerel-macos-x86_64, r-prerel-windows-x86_64, r-release-macos-arm64, r-release-macos-x86_64, r-release-windows-x86_64, r-oldrel-macos-arm64, r-oldrel-windows-x86_64