Last updated on 2025-05-18 01:50:40 CEST.
Flavor | Version | Tinstall | Tcheck | Ttotal | Status | Flags |
---|---|---|---|---|---|---|
r-devel-linux-x86_64-debian-clang | 0.1.0 | 6.18 | 65.65 | 71.83 | NOTE | |
r-devel-linux-x86_64-debian-gcc | 0.1.0 | 4.51 | 47.35 | 51.86 | NOTE | |
r-devel-linux-x86_64-fedora-clang | 0.1.0 | 112.64 | NOTE | |||
r-devel-linux-x86_64-fedora-gcc | 0.1.0 | 129.93 | NOTE | |||
r-devel-windows-x86_64 | 0.1.0 | 11.00 | 78.00 | 89.00 | NOTE | |
r-patched-linux-x86_64 | 0.1.0 | 6.85 | 60.86 | 67.71 | NOTE | |
r-release-linux-x86_64 | 0.1.0 | 6.24 | 61.24 | 67.48 | NOTE | |
r-release-macos-arm64 | 0.1.0 | 38.00 | NOTE | |||
r-release-macos-x86_64 | 0.1.0 | 77.00 | OK | |||
r-release-windows-x86_64 | 0.1.0 | 10.00 | 78.00 | 88.00 | NOTE | |
r-oldrel-macos-arm64 | 0.1.0 | 42.00 | OK | |||
r-oldrel-macos-x86_64 | 0.1.0 | 58.00 | OK | |||
r-oldrel-windows-x86_64 | 0.1.0 | 10.00 | 93.00 | 103.00 | OK |
Version: 0.1.0
Check: DESCRIPTION meta-information
Result: NOTE
Missing dependency on R >= 4.2.0 because package code uses the pipe
placeholder syntax added in R 4.2.0.
File(s) using such syntax:
‘model-table.R’
Flavors: r-devel-linux-x86_64-debian-clang, r-devel-linux-x86_64-debian-gcc, r-devel-linux-x86_64-fedora-clang, r-devel-linux-x86_64-fedora-gcc, r-devel-windows-x86_64, r-patched-linux-x86_64, r-release-linux-x86_64, r-release-macos-arm64, r-release-windows-x86_64