CRAN Package Check Results for Package rmsfuns

Last updated on 2022-07-02 01:49:06 CEST.

Flavor Version Tinstall Tcheck Ttotal Status Flags
r-devel-linux-x86_64-debian-clang 1.0.0.1 6.43 56.46 62.89 NOTE
r-devel-linux-x86_64-debian-gcc 1.0.0.1 4.51 42.14 46.65 NOTE
r-devel-linux-x86_64-fedora-clang 1.0.0.1 85.73 NOTE
r-devel-linux-x86_64-fedora-gcc 1.0.0.1 85.85 NOTE
r-devel-windows-x86_64 1.0.0.1 12.00 81.00 93.00 NOTE
r-patched-linux-x86_64 1.0.0.1 5.25 52.13 57.38 NOTE
r-release-linux-x86_64 1.0.0.1 4.21 52.25 56.46 NOTE
r-release-macos-arm64 1.0.0.1 23.00 NOTE
r-release-macos-x86_64 1.0.0.1 48.00 NOTE
r-release-windows-x86_64 1.0.0.1 13.00 82.00 95.00 NOTE
r-oldrel-macos-arm64 1.0.0.1 26.00 NOTE
r-oldrel-macos-x86_64 1.0.0.1 32.00 NOTE
r-oldrel-windows-ix86+x86_64 1.0.0.1 16.00 71.00 87.00 NOTE

Check Details

Version: 1.0.0.1
Check: LazyData
Result: NOTE
     'LazyData' is specified without a 'data' directory
Flavors: r-devel-linux-x86_64-debian-clang, r-devel-linux-x86_64-debian-gcc, r-devel-linux-x86_64-fedora-clang, r-devel-linux-x86_64-fedora-gcc, r-devel-windows-x86_64, r-patched-linux-x86_64, r-release-linux-x86_64, r-release-macos-arm64, r-release-macos-x86_64, r-release-windows-x86_64, r-oldrel-macos-arm64, r-oldrel-macos-x86_64, r-oldrel-windows-ix86+x86_64