Last updated on 2025-11-13 02:52:31 CET.
| Flavor | Version | Tinstall | Tcheck | Ttotal | Status | Flags |
|---|---|---|---|---|---|---|
| r-devel-linux-x86_64-debian-clang | 2.4.0 | 6.13 | 54.86 | 60.99 | NOTE | |
| r-devel-linux-x86_64-debian-gcc | 2.4.0 | 5.22 | 40.79 | 46.01 | NOTE | |
| r-devel-linux-x86_64-fedora-clang | 2.4.0 | 15.00 | 79.39 | 94.39 | NOTE | |
| r-devel-linux-x86_64-fedora-gcc | 2.4.0 | 12.00 | 91.67 | 103.67 | NOTE | |
| r-devel-windows-x86_64 | 2.4.0 | 8.00 | 82.00 | 90.00 | NOTE | |
| r-patched-linux-x86_64 | 2.4.0 | 5.55 | 50.81 | 56.36 | NOTE | |
| r-release-linux-x86_64 | 2.4.0 | 5.67 | 50.35 | 56.02 | NOTE | |
| r-release-macos-arm64 | 2.4.0 | 3.00 | 36.00 | 39.00 | NOTE | |
| r-release-macos-x86_64 | 2.4.0 | 6.00 | 62.00 | 68.00 | NOTE | |
| r-release-windows-x86_64 | 2.4.0 | 7.00 | 70.00 | 77.00 | NOTE | |
| r-oldrel-macos-arm64 | 2.4.0 | 2.00 | 35.00 | 37.00 | NOTE | |
| r-oldrel-macos-x86_64 | 2.4.0 | 4.00 | 50.00 | 54.00 | NOTE | |
| r-oldrel-windows-x86_64 | 2.4.0 | 11.00 | 83.00 | 94.00 | NOTE |
Version: 2.4.0
Check: Rd files
Result: NOTE
checkRd: (-1) myTarGetClientList.Rd:33: Lost braces
33 | {MyTarget API Documenation}{https://target.my.com/doc/api/detailed/#resource_agency_clients}
| ^
Flavors: r-devel-linux-x86_64-debian-clang, r-devel-linux-x86_64-debian-gcc, r-devel-linux-x86_64-fedora-clang, r-devel-linux-x86_64-fedora-gcc, r-devel-windows-x86_64, r-patched-linux-x86_64, r-release-linux-x86_64, r-release-macos-arm64, r-release-macos-x86_64, r-release-windows-x86_64, r-oldrel-macos-arm64, r-oldrel-macos-x86_64, r-oldrel-windows-x86_64