Last updated on 2025-11-12 02:53:10 CET.
| Flavor | Version | Tinstall | Tcheck | Ttotal | Status | Flags |
|---|---|---|---|---|---|---|
| r-devel-linux-x86_64-debian-clang | 1.3 | 121.53 | 25.95 | 147.48 | OK | |
| r-devel-linux-x86_64-debian-gcc | 1.3 | 74.53 | 20.53 | 95.06 | OK | |
| r-devel-linux-x86_64-fedora-clang | 1.3 | 185.00 | 121.32 | 306.32 | OK | |
| r-devel-linux-x86_64-fedora-gcc | 1.3 | 484.00 | -202.78 | 281.22 | OK | |
| r-devel-windows-x86_64 | 1.3 | 149.00 | 64.00 | 213.00 | OK | |
| r-patched-linux-x86_64 | 1.3 | 126.50 | 24.47 | 150.97 | OK | |
| r-release-linux-x86_64 | 1.3 | 120.27 | 24.44 | 144.71 | OK | |
| r-release-macos-arm64 | 1.3 | 43.00 | 14.00 | 57.00 | OK | |
| r-release-macos-x86_64 | 1.3 | 37.00 | 25.00 | 62.00 | OK | |
| r-release-windows-x86_64 | 1.3 | 143.00 | 67.00 | 210.00 | OK | |
| r-oldrel-macos-arm64 | 1.3 | 43.00 | 21.00 | 64.00 | NOTE | |
| r-oldrel-macos-x86_64 | 1.3 | 33.00 | 35.00 | 68.00 | NOTE | |
| r-oldrel-windows-x86_64 | 1.3 | 171.00 | 81.00 | 252.00 | OK |
Version: 1.3
Check: installed package size
Result: NOTE
installed size is 7.1Mb
sub-directories of 1Mb or more:
libs 6.9Mb
Flavors: r-oldrel-macos-arm64, r-oldrel-macos-x86_64