Last updated on 2024-03-28 01:54:09 CET.
Flavor | Version | Tinstall | Tcheck | Ttotal | Status | Flags |
---|---|---|---|---|---|---|
r-devel-linux-x86_64-debian-clang | 0.2.2 | 7.16 | 201.88 | 209.04 | OK | |
r-devel-linux-x86_64-debian-gcc | 0.2.2 | 5.76 | 147.25 | 153.01 | OK | |
r-devel-linux-x86_64-fedora-clang | 0.2.2 | 244.48 | OK | |||
r-devel-linux-x86_64-fedora-gcc | 0.2.2 | 254.20 | OK | |||
r-devel-windows-x86_64 | 0.2.2 | 8.00 | 174.00 | 182.00 | OK | |
r-patched-linux-x86_64 | 0.2.2 | 13.81 | 191.31 | 205.12 | OK | |
r-release-linux-x86_64 | 0.2.2 | 7.36 | 193.54 | 200.90 | OK | |
r-release-macos-arm64 | 0.2.2 | 84.00 | OK | |||
r-release-macos-x86_64 | 0.2.2 | 126.00 | NOTE | |||
r-release-windows-x86_64 | 0.2.2 | 11.00 | 216.00 | 227.00 | OK | |
r-oldrel-macos-arm64 | 0.2.2 | 62.00 | OK | |||
r-oldrel-windows-x86_64 | 0.2.2 | 10.00 | 221.00 | 231.00 | OK |
Version: 0.2.2
Check: package dependencies
Result: NOTE
Package suggested but not available for checking: ‘ivgets’
Flavor: r-release-macos-x86_64
Version: 0.2.2
Check: Rd cross-references
Result: NOTE
Package unavailable to check Rd xrefs: ‘ivgets’
Flavor: r-release-macos-x86_64