Last updated on 2025-04-30 02:50:50 CEST.
Flavor | Version | Tinstall | Tcheck | Ttotal | Status | Flags |
---|---|---|---|---|---|---|
r-devel-linux-x86_64-debian-clang | 0.2.2 | 5.78 | 161.74 | 167.52 | NOTE | |
r-devel-linux-x86_64-debian-gcc | 0.2.2 | 4.22 | 108.18 | 112.40 | NOTE | |
r-devel-linux-x86_64-fedora-clang | 0.2.2 | 263.87 | OK | |||
r-devel-linux-x86_64-fedora-gcc | 0.2.2 | 268.80 | OK | |||
r-devel-windows-x86_64 | 0.2.2 | 8.00 | 191.00 | 199.00 | NOTE | |
r-patched-linux-x86_64 | 0.2.2 | 6.42 | 153.21 | 159.63 | NOTE | |
r-release-linux-x86_64 | 0.2.2 | 5.42 | 151.64 | 157.06 | NOTE | |
r-release-macos-arm64 | 0.2.2 | 83.00 | OK | |||
r-release-macos-x86_64 | 0.2.2 | 170.00 | OK | |||
r-release-windows-x86_64 | 0.2.2 | 8.00 | 193.00 | 201.00 | NOTE | |
r-oldrel-macos-arm64 | 0.2.2 | 79.00 | OK | |||
r-oldrel-macos-x86_64 | 0.2.2 | 152.00 | OK | |||
r-oldrel-windows-x86_64 | 0.2.2 | 10.00 | 237.00 | 247.00 | OK |
Version: 0.2.2
Check: CRAN incoming feasibility
Result: NOTE
Maintainer: ‘Jonas Kurle <mail@jonaskurle.com>’
Package has help file(s) containing later-stage \Sexpr{} expressions
but no 'build/stage23.rdb' file.
Flavors: r-devel-linux-x86_64-debian-clang, r-devel-linux-x86_64-debian-gcc
Version: 0.2.2
Check: Rd cross-references
Result: NOTE
Found the following Rd file(s) with Rd \link{} targets missing package
anchors:
case_resampling.Rd: foreach
Please provide package anchors for all Rd \link{} targets not in the
package itself and the base packages.
Flavors: r-devel-linux-x86_64-debian-clang, r-devel-linux-x86_64-debian-gcc, r-devel-windows-x86_64, r-patched-linux-x86_64, r-release-linux-x86_64, r-release-windows-x86_64