Last updated on 2024-08-16 01:48:28 CEST.
Flavor | Version | Tinstall | Tcheck | Ttotal | Status | Flags |
---|---|---|---|---|---|---|
r-devel-linux-x86_64-debian-clang | 0.1 | 68.60 | 98.18 | 166.78 | NOTE | |
r-devel-linux-x86_64-debian-gcc | 0.1 | 44.91 | 71.77 | 116.68 | NOTE | |
r-devel-linux-x86_64-fedora-clang | 0.1 | 305.55 | NOTE | |||
r-devel-linux-x86_64-fedora-gcc | 0.1 | 289.35 | NOTE | |||
r-devel-windows-x86_64 | 0.1 | 76.00 | 122.00 | 198.00 | NOTE | |
r-patched-linux-x86_64 | 0.1 | 71.63 | 93.72 | 165.35 | NOTE | |
r-release-linux-x86_64 | 0.1 | 69.18 | 96.75 | 165.93 | NOTE | |
r-release-macos-arm64 | 0.1 | 71.00 | NOTE | |||
r-release-macos-x86_64 | 0.1 | 86.00 | NOTE | |||
r-release-windows-x86_64 | 0.1 | 76.00 | 122.00 | 198.00 | NOTE | |
r-oldrel-macos-arm64 | 0.1 | 83.00 | NOTE | |||
r-oldrel-macos-x86_64 | 0.1 | 141.00 | NOTE | |||
r-oldrel-windows-x86_64 | 0.1 | 96.00 | 154.00 | 250.00 | NOTE |
Version: 0.1
Check: C++ specification
Result: NOTE
Specified C++11: please drop specification unless essential
Flavors: r-devel-linux-x86_64-debian-clang, r-devel-linux-x86_64-debian-gcc, r-devel-linux-x86_64-fedora-clang, r-devel-linux-x86_64-fedora-gcc, r-devel-windows-x86_64, r-patched-linux-x86_64, r-release-linux-x86_64, r-release-macos-arm64, r-release-macos-x86_64, r-release-windows-x86_64, r-oldrel-macos-arm64, r-oldrel-macos-x86_64, r-oldrel-windows-x86_64