Last updated on 2022-07-03 01:49:04 CEST.
Flavor | Version | Tinstall | Tcheck | Ttotal | Status | Flags |
---|---|---|---|---|---|---|
r-devel-linux-x86_64-debian-clang | 2.5-1 | 234.09 | 366.23 | 600.32 | OK | |
r-devel-linux-x86_64-debian-gcc | 2.5-1 | 208.13 | 273.76 | 481.89 | OK | |
r-devel-linux-x86_64-fedora-clang | 2.5-1 | 793.58 | NOTE | |||
r-devel-linux-x86_64-fedora-gcc | 2.5-1 | 672.84 | OK | |||
r-devel-windows-x86_64 | 2.5-1 | 402.00 | 439.00 | 841.00 | OK | |
r-patched-linux-x86_64 | 2.5-1 | 209.40 | 346.75 | 556.15 | OK | |
r-release-linux-x86_64 | 2.5-1 | 206.81 | 346.43 | 553.24 | OK | |
r-release-macos-arm64 | 2.5-1 | 205.00 | NOTE | |||
r-release-macos-x86_64 | 2.5-1 | 356.00 | NOTE | |||
r-release-windows-x86_64 | 2.5-1 | 225.00 | 435.00 | 660.00 | OK | |
r-oldrel-macos-arm64 | 2.5-1 | 169.00 | NOTE | |||
r-oldrel-macos-x86_64 | 2.5-1 | 248.00 | NOTE | |||
r-oldrel-windows-ix86+x86_64 | 2.5-1 | 552.00 | 609.00 | 1161.00 | NOTE |
Version: 2.5-1
Check: installed package size
Result: NOTE
installed size is 26.7Mb
sub-directories of 1Mb or more:
libs 25.5Mb
Flavors: r-devel-linux-x86_64-fedora-clang, r-release-macos-arm64, r-release-macos-x86_64, r-oldrel-macos-arm64, r-oldrel-macos-x86_64, r-oldrel-windows-ix86+x86_64