Last updated on 2025-11-20 02:49:25 CET.
| Flavor | Version | Tinstall | Tcheck | Ttotal | Status | Flags |
|---|---|---|---|---|---|---|
| r-devel-linux-x86_64-debian-clang | 2024.1-28 | 7.20 | 36.28 | 43.48 | NOTE | |
| r-devel-linux-x86_64-debian-gcc | 2024.1-28 | 4.91 | 27.70 | 32.61 | NOTE | |
| r-devel-linux-x86_64-fedora-clang | 2024.1-28 | 18.00 | 49.40 | 67.40 | OK | |
| r-devel-linux-x86_64-fedora-gcc | 2024.1-28 | 15.00 | 49.43 | 64.43 | OK | |
| r-devel-windows-x86_64 | 2024.1-28 | 18.00 | 55.00 | 73.00 | OK | |
| r-patched-linux-x86_64 | 2024.1-28 | 6.90 | 34.04 | 40.94 | OK | |
| r-release-linux-x86_64 | 2024.1-28 | 6.14 | 34.72 | 40.86 | OK | |
| r-release-macos-arm64 | 2024.1-28 | OK | ||||
| r-release-macos-x86_64 | 2024.1-28 | 7.00 | 34.00 | 41.00 | OK | |
| r-release-windows-x86_64 | 2024.1-28 | 12.00 | 54.00 | 66.00 | OK | |
| r-oldrel-macos-arm64 | 2024.1-28 | OK | ||||
| r-oldrel-macos-x86_64 | 2024.1-28 | 5.00 | 28.00 | 33.00 | OK | |
| r-oldrel-windows-x86_64 | 2024.1-28 | 13.00 | 64.00 | 77.00 | OK |
Version: 2024.1-28
Check: CRAN incoming feasibility
Result: NOTE
Maintainer: ‘Youyi Fong <youyifong@gmail.com>’
No Authors@R field in DESCRIPTION.
Please add one, modifying
Authors@R: person(given = "Youyi",
family = "Fong",
role = c("aut", "cre"),
email = "youyifong@gmail.com")
as necessary.
Flavors: r-devel-linux-x86_64-debian-clang, r-devel-linux-x86_64-debian-gcc