Last updated on 2022-05-27 02:50:25 CEST.
Flavor | Version | Tinstall | Tcheck | Ttotal | Status | Flags |
---|---|---|---|---|---|---|
r-devel-linux-x86_64-debian-clang | 1.1.1 | 155.76 | 127.02 | 282.78 | OK | |
r-devel-linux-x86_64-debian-gcc | 1.1.1 | 134.72 | 107.68 | 242.40 | OK | |
r-devel-linux-x86_64-fedora-clang | 1.1.1 | 417.43 | NOTE | |||
r-devel-linux-x86_64-fedora-gcc | 1.1.1 | 351.66 | OK | |||
r-devel-windows-x86_64 | 1.1.1 | 130.00 | 158.00 | 288.00 | OK | |
r-patched-linux-x86_64 | 1.1.1 | 120.28 | 118.81 | 239.09 | OK | |
r-release-linux-x86_64 | 1.1.1 | 107.62 | 118.10 | 225.72 | OK | |
r-release-macos-arm64 | 1.1.1 | 86.00 | NOTE | |||
r-release-macos-x86_64 | 1.1.1 | 142.00 | NOTE | |||
r-release-windows-x86_64 | 1.1.1 | 124.00 | 159.00 | 283.00 | OK | |
r-oldrel-macos-arm64 | 1.1.1 | 98.00 | NOTE | |||
r-oldrel-macos-x86_64 | 1.1.1 | 166.00 | NOTE | |||
r-oldrel-windows-ix86+x86_64 | 1.1.1 | 389.00 | 185.00 | 574.00 | OK |
Version: 1.1.1
Check: installed package size
Result: NOTE
installed size is 5.2Mb
sub-directories of 1Mb or more:
libs 5.0Mb
Flavors: r-devel-linux-x86_64-fedora-clang, r-release-macos-arm64, r-release-macos-x86_64, r-oldrel-macos-arm64, r-oldrel-macos-x86_64