Last updated on 2025-11-15 03:50:26 CET.
| Flavor | Version | Tinstall | Tcheck | Ttotal | Status | Flags |
|---|---|---|---|---|---|---|
| r-devel-linux-x86_64-debian-clang | 1.2.0 | 47.61 | 29.75 | 77.36 | OK | |
| r-devel-linux-x86_64-debian-gcc | 1.2.0 | 35.90 | 24.47 | 60.37 | OK | |
| r-devel-linux-x86_64-fedora-clang | 1.2.0 | 84.00 | 33.28 | 117.28 | OK | |
| r-devel-linux-x86_64-fedora-gcc | 1.2.0 | 253.00 | -109.64 | 143.36 | OK | |
| r-devel-windows-x86_64 | 1.2.0 | 61.00 | 67.00 | 128.00 | OK | |
| r-patched-linux-x86_64 | 1.2.0 | 49.22 | 27.16 | 76.38 | OK | |
| r-release-linux-x86_64 | 1.2.0 | 48.92 | 27.36 | 76.28 | OK | |
| r-release-macos-arm64 | 1.2.0 | 17.00 | 17.00 | 34.00 | OK | |
| r-release-macos-x86_64 | 1.2.0 | 41.00 | 62.00 | 103.00 | OK | |
| r-release-windows-x86_64 | 1.2.0 | 54.00 | 72.00 | 126.00 | OK | |
| r-oldrel-macos-arm64 | 1.2.0 | 14.00 | 21.00 | 35.00 | NOTE | |
| r-oldrel-macos-x86_64 | 1.2.0 | 35.00 | 46.00 | 81.00 | NOTE | |
| r-oldrel-windows-x86_64 | 1.2.0 | 67.00 | 85.00 | 152.00 | NOTE |
Version: 1.2.0
Check: installed package size
Result: NOTE
installed size is 6.2Mb
sub-directories of 1Mb or more:
libs 5.6Mb
Flavors: r-oldrel-macos-arm64, r-oldrel-macos-x86_64
Version: 1.2.0
Check: for GNU extensions in Makefiles
Result: NOTE
GNU make is a SystemRequirements.
Flavors: r-oldrel-macos-arm64, r-oldrel-macos-x86_64, r-oldrel-windows-x86_64