Last updated on 2023-06-06 01:54:13 CEST.
Flavor | Version | Tinstall | Tcheck | Ttotal | Status | Flags |
---|---|---|---|---|---|---|
r-devel-linux-x86_64-debian-clang | 0.1.4 | 44.88 | 61.33 | 106.21 | NOTE | |
r-devel-linux-x86_64-debian-gcc | 0.1.4 | 32.71 | 47.07 | 79.78 | NOTE | |
r-devel-linux-x86_64-fedora-clang | 0.1.4 | 149.52 | NOTE | |||
r-devel-linux-x86_64-fedora-gcc | 0.1.4 | 157.22 | NOTE | |||
r-devel-windows-x86_64 | 0.1.4 | 39.00 | 87.00 | 126.00 | NOTE | |
r-patched-linux-x86_64 | 0.1.4 | 37.79 | 59.19 | 96.98 | NOTE | |
r-release-linux-x86_64 | 0.1.4 | 31.72 | 60.14 | 91.86 | NOTE | |
r-release-macos-arm64 | 0.1.4 | 47.00 | NOTE | |||
r-release-macos-x86_64 | 0.1.4 | 83.00 | NOTE | |||
r-release-windows-x86_64 | 0.1.4 | 46.00 | 97.00 | 143.00 | NOTE | |
r-oldrel-macos-arm64 | 0.1.4 | 46.00 | OK | |||
r-oldrel-macos-x86_64 | 0.1.4 | 58.00 | OK | |||
r-oldrel-windows-x86_64 | 0.1.4 | 48.00 | 98.00 | 146.00 | OK |
Version: 0.1.4
Check: C++ specification
Result: NOTE
Specified C++11: please drop specification unless essential
Flavors: r-devel-linux-x86_64-debian-clang, r-devel-linux-x86_64-debian-gcc, r-devel-linux-x86_64-fedora-clang, r-devel-linux-x86_64-fedora-gcc, r-devel-windows-x86_64, r-patched-linux-x86_64, r-release-linux-x86_64, r-release-macos-arm64, r-release-macos-x86_64, r-release-windows-x86_64