Last updated on 2022-05-18 01:50:02 CEST.
Flavor | Version | Tinstall | Tcheck | Ttotal | Status | Flags |
---|---|---|---|---|---|---|
r-devel-linux-x86_64-debian-clang | 1.0.3 | 8.77 | 77.83 | 86.60 | NOTE | |
r-devel-linux-x86_64-debian-gcc | 1.0.3 | 6.59 | 58.21 | 64.80 | NOTE | |
r-devel-linux-x86_64-fedora-clang | 1.0.3 | 106.12 | NOTE | |||
r-devel-linux-x86_64-fedora-gcc | 1.0.3 | 99.03 | NOTE | |||
r-devel-windows-x86_64 | 1.0.3 | 26.00 | 95.00 | 121.00 | NOTE | |
r-patched-linux-x86_64 | 1.0.3 | 7.41 | 73.71 | 81.12 | NOTE | |
r-release-linux-x86_64 | 1.0.3 | 5.20 | 73.24 | 78.44 | NOTE | |
r-release-macos-arm64 | 1.0.3 | 30.00 | NOTE | |||
r-release-macos-x86_64 | 1.0.3 | 50.00 | NOTE | |||
r-release-windows-x86_64 | 1.0.3 | 34.00 | 98.00 | 132.00 | NOTE | |
r-oldrel-macos-arm64 | 1.0.3 | 35.00 | NOTE | |||
r-oldrel-macos-x86_64 | 1.0.3 | 51.00 | NOTE | |||
r-oldrel-windows-ix86+x86_64 | 1.0.3 | 21.00 | 88.00 | 109.00 | NOTE |
Version: 1.0.3
Check: LazyData
Result: NOTE
'LazyData' is specified without a 'data' directory
Flavors: r-devel-linux-x86_64-debian-clang, r-devel-linux-x86_64-debian-gcc, r-devel-linux-x86_64-fedora-clang, r-devel-linux-x86_64-fedora-gcc, r-devel-windows-x86_64, r-patched-linux-x86_64, r-release-linux-x86_64, r-release-macos-arm64, r-release-macos-x86_64, r-release-windows-x86_64, r-oldrel-macos-arm64, r-oldrel-macos-x86_64, r-oldrel-windows-ix86+x86_64