CRAN Package Check Results for Package rpart.LAD

Last updated on 2025-04-30 02:50:50 CEST.

Flavor Version Tinstall Tcheck Ttotal Status Flags
r-devel-linux-x86_64-debian-clang 0.1.3 14.32 23.50 37.82 NOTE
r-devel-linux-x86_64-debian-gcc 0.1.3 10.17 19.02 29.19 NOTE
r-devel-linux-x86_64-fedora-clang 0.1.3 67.77 OK
r-devel-linux-x86_64-fedora-gcc 0.1.3 61.57 OK
r-devel-windows-x86_64 0.1.3 17.00 70.00 87.00 OK
r-patched-linux-x86_64 0.1.3 13.75 22.41 36.16 OK
r-release-linux-x86_64 0.1.3 14.42 22.46 36.88 OK
r-release-macos-arm64 0.1.3 22.00 OK
r-release-macos-x86_64 0.1.3 34.00 OK
r-release-windows-x86_64 0.1.3 17.00 69.00 86.00 OK
r-oldrel-macos-arm64 0.1.3 22.00 OK
r-oldrel-macos-x86_64 0.1.3 31.00 OK
r-oldrel-windows-x86_64 0.1.3 20.00 75.00 95.00 OK

Check Details

Version: 0.1.3
Check: CRAN incoming feasibility
Result: NOTE Maintainer: ‘Stephan Dlugosz <stephan.dlugosz@googlemail.com>’ No Authors@R field in DESCRIPTION. Please add one, modifying Authors@R: person(given = "Stephan", family = "Dlugosz", role = c("aut", "cre"), email = "stephan.dlugosz@googlemail.com") as necessary. Flavors: r-devel-linux-x86_64-debian-clang, r-devel-linux-x86_64-debian-gcc