Last updated on 2024-04-19 01:58:58 CEST.
Flavor | Version | Tinstall | Tcheck | Ttotal | Status | Flags |
---|---|---|---|---|---|---|
r-devel-linux-x86_64-debian-clang | 1.0.14 | 200.72 | 100.00 | 300.72 | OK | |
r-devel-linux-x86_64-debian-gcc | 1.0.14 | 155.22 | 79.85 | 235.07 | OK | |
r-devel-linux-x86_64-fedora-clang | 1.0.14 | 389.37 | OK | |||
r-devel-linux-x86_64-fedora-gcc | 1.0.14 | 441.11 | OK | |||
r-prerel-macos-arm64 | 1.0.14 | 91.00 | NOTE | |||
r-prerel-windows-x86_64 | 1.0.14 | 135.00 | 127.00 | 262.00 | OK | |
r-patched-linux-x86_64 | 1.0.14 | 205.45 | 102.39 | 307.84 | OK | |
r-release-linux-x86_64 | 1.0.14 | 191.92 | 102.60 | 294.52 | OK | |
r-release-macos-arm64 | 1.0.14 | 96.00 | NOTE | |||
r-release-macos-x86_64 | 1.0.14 | 143.00 | NOTE | |||
r-release-windows-x86_64 | 1.0.14 | 167.00 | 154.00 | 321.00 | OK | |
r-oldrel-macos-arm64 | 1.0.14 | 80.00 | NOTE | |||
r-oldrel-windows-x86_64 | 1.0.14 | 157.00 | 132.00 | 289.00 | OK |
Version: 1.0.14
Check: installed package size
Result: NOTE
installed size is 26.6Mb
sub-directories of 1Mb or more:
libs 25.7Mb
Flavors: r-prerel-macos-arm64, r-release-macos-arm64, r-release-macos-x86_64, r-oldrel-macos-arm64