Last updated on 2025-01-19 01:48:33 CET.
Flavor | Version | Tinstall | Tcheck | Ttotal | Status | Flags |
---|---|---|---|---|---|---|
r-devel-linux-x86_64-debian-clang | 0.3.0 | 2.45 | 31.14 | 33.59 | NOTE | |
r-devel-linux-x86_64-debian-gcc | 0.3.0 | 2.16 | 24.81 | 26.97 | NOTE | |
r-devel-linux-x86_64-fedora-clang | 0.3.0 | 56.60 | NOTE | |||
r-devel-linux-x86_64-fedora-gcc | 0.3.0 | 67.62 | NOTE | |||
r-devel-windows-x86_64 | 0.3.0 | 6.00 | 57.00 | 63.00 | NOTE | |
r-patched-linux-x86_64 | 0.3.0 | 2.10 | 29.92 | 32.02 | NOTE | |
r-release-linux-x86_64 | 0.3.0 | 2.60 | 29.70 | 32.30 | NOTE | |
r-release-macos-arm64 | 0.3.0 | 30.00 | NOTE | |||
r-release-macos-x86_64 | 0.3.0 | 40.00 | NOTE | |||
r-release-windows-x86_64 | 0.3.0 | 5.00 | 54.00 | 59.00 | NOTE | |
r-oldrel-macos-arm64 | 0.3.0 | 29.00 | OK | |||
r-oldrel-macos-x86_64 | 0.3.0 | 41.00 | OK | |||
r-oldrel-windows-x86_64 | 0.3.0 | 5.00 | 56.00 | 61.00 | OK |
Version: 0.3.0
Check: Rd files
Result: NOTE
checkRd: (-1) rpivotTable.Rd:60: Lost braces; missing escapes or markup?
60 | An example is: onRefresh=htmlwidgets::JS("function(config) { Shiny.onInputChange('myPivotData', config); }")
| ^
Flavors: r-devel-linux-x86_64-debian-clang, r-devel-linux-x86_64-debian-gcc, r-devel-linux-x86_64-fedora-clang, r-devel-linux-x86_64-fedora-gcc, r-devel-windows-x86_64, r-patched-linux-x86_64, r-release-linux-x86_64, r-release-macos-arm64, r-release-macos-x86_64, r-release-windows-x86_64