Last updated on 2024-04-17 01:49:55 CEST.
Flavor | Version | Tinstall | Tcheck | Ttotal | Status | Flags |
---|---|---|---|---|---|---|
r-devel-linux-x86_64-debian-clang | 0.1.2 | 5.06 | 59.60 | 64.66 | NOTE | |
r-devel-linux-x86_64-debian-gcc | 0.1.2 | 3.40 | 44.20 | 47.60 | NOTE | |
r-devel-linux-x86_64-fedora-clang | 0.1.2 | 78.60 | NOTE | |||
r-devel-linux-x86_64-fedora-gcc | 0.1.2 | 89.43 | NOTE | |||
r-prerel-macos-arm64 | 0.1.2 | 33.00 | NOTE | |||
r-prerel-windows-x86_64 | 0.1.2 | 5.00 | 65.00 | 70.00 | NOTE | |
r-patched-linux-x86_64 | 0.1.2 | 7.46 | 55.74 | 63.20 | NOTE | |
r-release-linux-x86_64 | 0.1.2 | 4.44 | 54.59 | 59.03 | NOTE | |
r-release-macos-arm64 | 0.1.2 | 34.00 | NOTE | |||
r-release-macos-x86_64 | 0.1.2 | 52.00 | NOTE | |||
r-release-windows-x86_64 | 0.1.2 | 6.00 | 70.00 | 76.00 | NOTE | |
r-oldrel-macos-arm64 | 0.1.2 | 24.00 | NOTE | |||
r-oldrel-windows-x86_64 | 0.1.2 | 7.00 | 74.00 | 81.00 | NOTE |
Version: 0.1.2
Check: LazyData
Result: NOTE
'LazyData' is specified without a 'data' directory
Flavors: r-devel-linux-x86_64-debian-clang, r-devel-linux-x86_64-debian-gcc, r-devel-linux-x86_64-fedora-clang, r-devel-linux-x86_64-fedora-gcc, r-prerel-macos-arm64, r-prerel-windows-x86_64, r-patched-linux-x86_64, r-release-linux-x86_64, r-release-macos-arm64, r-release-macos-x86_64, r-release-windows-x86_64, r-oldrel-macos-arm64, r-oldrel-windows-x86_64