CRAN Package Check Results for Package rrcov

Last updated on 2021-01-21 01:47:44 CET.

Flavor Version Tinstall Tcheck Ttotal Status Flags
r-devel-linux-x86_64-debian-clang 1.5-5 22.60 168.73 191.33 OK
r-devel-linux-x86_64-debian-gcc 1.5-5 17.10 129.22 146.32 OK
r-devel-linux-x86_64-fedora-clang 1.5-5 235.76 OK
r-devel-linux-x86_64-fedora-gcc 1.5-5 226.20 OK
r-devel-windows-ix86+x86_64 1.5-5 30.00 280.00 310.00 OK
r-patched-linux-x86_64 1.5-5 19.76 158.25 178.01 OK
r-patched-solaris-x86 1.5-5 289.70 OK
r-release-linux-x86_64 1.5-5 20.29 160.04 180.33 WARN
r-release-macos-x86_64 1.5-5 OK
r-release-windows-ix86+x86_64 1.5-5 32.00 284.00 316.00 OK
r-oldrel-macos-x86_64 1.5-5 OK
r-oldrel-windows-ix86+x86_64 1.5-5 31.00 211.00 242.00 OK

Check Details

Version: 1.5-5
Check: re-building of vignette outputs
Result: WARN
    Error(s) in re-building vignettes:
     ...
    --- re-building ‘rrcov.Rnw’ using Sweave
    Loading required package: robustbase
    Scalable Robust Estimators with High Breakdown Point (version 1.5-5)
    
    Warning in arrows(0, 0, y[, 1L] * 0.8, y[, 2L] * 0.8, col = col[[2L]], length = arrow.len) :
     zero-length arrow is of indeterminate angle and so skipped
    Warning in arrows(0, 0, y[, 1L] * 0.8, y[, 2L] * 0.8, col = col[[2L]], length = arrow.len) :
     zero-length arrow is of indeterminate angle and so skipped
    Warning in arrows(0, 0, y[, 1L] * 0.8, y[, 2L] * 0.8, col = col[[2L]], length = arrow.len) :
     zero-length arrow is of indeterminate angle and so skipped
    Error: processing vignette 'rrcov.Rnw' failed with diagnostics:
    Running ‘texi2dvi’ on ‘rrcov.tex’ failed.
    LaTeX errors:
    ! Undefined control sequence.
    <recently read> \Hy@colorlink
    
    l.106 \begin{document}
    
    ! Undefined control sequence.
    \close@pdflink ->\Hy@endcolorlink
     \Hy@VerboseLinkStop \pdfendlink
    l.106 \begin{document}
    
    ! Undefined control sequence.
    <recently read> \Hy@colorlink
    
    l.106 \begin{document}
    
    ! Undefined control sequence.
    \close@pdflink ->\Hy@endcolorlink
     \Hy@VerboseLinkStop \pdfendlink
    l.106 \begin{document}
    
    --- failed re-building ‘rrcov.Rnw’
    
    SUMMARY: processing the following file failed:
     ‘rrcov.Rnw’
    
    Error: Vignette re-building failed.
    Execution halted
Flavor: r-release-linux-x86_64