Last updated on 2025-10-31 01:49:11 CET.
| Flavor | Version | Tinstall | Tcheck | Ttotal | Status | Flags | 
|---|---|---|---|---|---|---|
| r-devel-linux-x86_64-debian-clang | 1.1 | 29.31 | 47.60 | 76.91 | NOTE | |
| r-devel-linux-x86_64-debian-gcc | 1.1 | 20.79 | 34.44 | 55.23 | NOTE | |
| r-devel-linux-x86_64-fedora-clang | 1.1 | 71.00 | 57.35 | 128.35 | OK | |
| r-devel-linux-x86_64-fedora-gcc | 1.1 | 85.00 | 36.44 | 121.44 | OK | |
| r-devel-windows-x86_64 | 1.1 | 30.00 | 86.00 | 116.00 | OK | |
| r-patched-linux-x86_64 | 1.1 | 31.88 | 45.24 | 77.12 | OK | |
| r-release-linux-x86_64 | 1.1 | 31.59 | 44.99 | 76.58 | OK | |
| r-release-macos-arm64 | 1.1 | 12.00 | 24.00 | 36.00 | OK | |
| r-release-macos-x86_64 | 1.1 | 21.00 | 63.00 | 84.00 | OK | |
| r-release-windows-x86_64 | 1.1 | 33.00 | 90.00 | 123.00 | OK | |
| r-oldrel-macos-arm64 | 1.1 | 13.00 | 22.00 | 35.00 | OK | |
| r-oldrel-macos-x86_64 | 1.1 | 19.00 | 49.00 | 68.00 | OK | |
| r-oldrel-windows-x86_64 | 1.1 | 30.00 | 104.00 | 134.00 | OK | 
Version: 1.1
Check: CRAN incoming feasibility
Result: NOTE
  Maintainer: ‘Bowen Wang <bowenwang7@gmail.com>’
  
  No Authors@R field in DESCRIPTION.
  Please add one, modifying
    Authors@R: person(given = "Bowen",
                      family = "Wang",
                      role = c("aut", "cre"),
                      email = "bowenwang7@gmail.com")
  as necessary.
Flavors: r-devel-linux-x86_64-debian-clang, r-devel-linux-x86_64-debian-gcc