CRAN Package Check Results for Package rrtable

Last updated on 2020-08-13 19:49:31 CEST.

Flavor Version Tinstall Tcheck Ttotal Status Flags
r-devel-linux-x86_64-debian-clang 0.2.1 0.99 2.80 3.79 ERROR
r-devel-linux-x86_64-debian-gcc 0.2.1 10.34 81.20 91.54 OK
r-devel-linux-x86_64-fedora-clang 0.2.1 145.20 OK
r-devel-linux-x86_64-fedora-gcc 0.2.1 137.60 OK
r-devel-windows-ix86+x86_64 0.2.1 57.00 179.00 236.00 OK
r-patched-linux-x86_64 0.2.1 9.94 101.14 111.08 OK
r-patched-solaris-x86 0.2.1 203.00 OK
r-release-linux-x86_64 0.2.1 13.81 101.98 115.79 OK
r-release-macos-x86_64 0.2.1 OK
r-release-windows-ix86+x86_64 0.2.1 50.00 186.00 236.00 OK
r-oldrel-macos-x86_64 0.2.1 OK
r-oldrel-windows-ix86+x86_64 0.2.1 26.00 174.00 200.00 OK

Check Details

Version: 0.2.1
Check: package dependencies
Result: ERROR
    Package required but not available: 'ggpubr'
    
    See section 'The DESCRIPTION file' in the 'Writing R Extensions'
    manual.
Flavor: r-devel-linux-x86_64-debian-clang