CRAN Package Check Results for Package rsahmi

Last updated on 2025-10-30 01:50:14 CET.

Flavor Version Tinstall Tcheck Ttotal Status Flags
r-devel-linux-x86_64-debian-clang 0.0.2 4.28 47.27 51.55 OK
r-devel-linux-x86_64-debian-gcc 0.0.2 3.16 35.14 38.30 OK
r-devel-linux-x86_64-fedora-clang 0.0.2 35.00 48.36 83.36 OK
r-devel-linux-x86_64-fedora-gcc 0.0.2 24.00 55.66 79.66 OK
r-patched-linux-x86_64 0.0.2 0.24 1.72 1.96 ERROR
r-release-linux-x86_64 0.0.2 3.83 44.53 48.36 OK
r-release-macos-arm64 0.0.2 2.00 38.00 40.00 OK
r-release-macos-x86_64 0.0.2 3.00 43.00 46.00 OK
r-oldrel-macos-arm64 0.0.2 2.00 37.00 39.00 NOTE
r-oldrel-macos-x86_64 0.0.2 4.00 79.00 83.00 NOTE

Check Details

Version: 0.0.2
Check: package dependencies
Result: ERROR Package required but not available: ‘ShortRead’ Package suggested but not available for checking: ‘polars’ See section ‘The DESCRIPTION file’ in the ‘Writing R Extensions’ manual. Flavor: r-patched-linux-x86_64

Version: 0.0.2
Check: package dependencies
Result: NOTE Package suggested but not available for checking: ‘polars’ Flavors: r-oldrel-macos-arm64, r-oldrel-macos-x86_64

Version: 0.0.2
Check: installed package size
Result: NOTE installed size is 5.0Mb sub-directories of 1Mb or more: extdata 4.8Mb Flavors: r-oldrel-macos-arm64, r-oldrel-macos-x86_64

Version: 0.0.2
Check: Rd cross-references
Result: NOTE Package unavailable to check Rd xrefs: ‘polars’ Flavors: r-oldrel-macos-arm64, r-oldrel-macos-x86_64