Last updated on 2025-05-08 01:51:19 CEST.
Flavor | Version | Tinstall | Tcheck | Ttotal | Status | Flags |
---|---|---|---|---|---|---|
r-devel-linux-x86_64-debian-clang | 0.5.1 | 4.69 | 36.19 | 40.88 | NOTE | |
r-devel-linux-x86_64-debian-gcc | 0.5.1 | 3.16 | 27.13 | 30.29 | NOTE | |
r-devel-linux-x86_64-fedora-clang | 0.5.1 | 62.86 | OK | |||
r-devel-linux-x86_64-fedora-gcc | 0.5.1 | 64.62 | OK | |||
r-devel-windows-x86_64 | 0.5.1 | 5.00 | 63.00 | 68.00 | OK | |
r-patched-linux-x86_64 | 0.5.1 | 4.92 | 34.52 | 39.44 | OK | |
r-release-linux-x86_64 | 0.5.1 | 4.57 | 35.00 | 39.57 | OK | |
r-release-macos-arm64 | 0.5.1 | 29.00 | OK | |||
r-release-macos-x86_64 | 0.5.1 | 45.00 | OK | |||
r-release-windows-x86_64 | 0.5.1 | 5.00 | 65.00 | 70.00 | OK | |
r-oldrel-macos-arm64 | 0.5.1 | 23.00 | OK | |||
r-oldrel-macos-x86_64 | 0.5.1 | 43.00 | OK | |||
r-oldrel-windows-x86_64 | 0.5.1 | 5.00 | 69.00 | 74.00 | OK |
Version: 0.5.1
Check: CRAN incoming feasibility
Result: NOTE
Maintainer: ‘Zhiyong Zhang <zhiyongzhang@nd.edu>’
No Authors@R field in DESCRIPTION.
Please add one, modifying
Authors@R: c(person(given = "Ke-Hai",
family = "Yuan",
role = "aut"),
person(given = "Zhiyong",
family = "Zhang",
role = c("aut", "cre"),
email = "zhiyongzhang@nd.edu"))
as necessary.
Flavors: r-devel-linux-x86_64-debian-clang, r-devel-linux-x86_64-debian-gcc