Last updated on 2025-11-15 03:50:27 CET.
| Flavor | Version | Tinstall | Tcheck | Ttotal | Status | Flags |
|---|---|---|---|---|---|---|
| r-devel-linux-x86_64-debian-clang | 0.1 | 86.26 | 76.05 | 162.31 | OK | |
| r-devel-linux-x86_64-debian-gcc | 0.1 | 71.00 | 59.00 | 130.00 | OK | |
| r-devel-linux-x86_64-fedora-clang | 0.1 | 133.00 | 103.34 | 236.34 | OK | |
| r-devel-linux-x86_64-fedora-gcc | 0.1 | 490.00 | -165.90 | 324.10 | OK | |
| r-devel-windows-x86_64 | 0.1 | 99.00 | 103.00 | 202.00 | OK | |
| r-patched-linux-x86_64 | 0.1 | 86.97 | 76.99 | 163.96 | OK | |
| r-release-linux-x86_64 | 0.1 | 94.29 | 77.83 | 172.12 | OK | |
| r-release-macos-arm64 | 0.1 | 38.00 | 36.00 | 74.00 | OK | |
| r-release-macos-x86_64 | 0.1 | 78.00 | 57.00 | 135.00 | OK | |
| r-release-windows-x86_64 | 0.1 | 89.00 | 102.00 | 191.00 | OK | |
| r-oldrel-macos-arm64 | 0.1 | 35.00 | 37.00 | 72.00 | NOTE | |
| r-oldrel-macos-x86_64 | 0.1 | 109.00 | 97.00 | 206.00 | NOTE | |
| r-oldrel-windows-x86_64 | 0.1 | 101.00 | 130.00 | 231.00 | OK |
Version: 0.1
Check: installed package size
Result: NOTE
installed size is 23.8Mb
sub-directories of 1Mb or more:
libs 23.6Mb
Flavors: r-oldrel-macos-arm64, r-oldrel-macos-x86_64