Last updated on 2024-08-16 01:48:29 CEST.
Flavor | Version | Tinstall | Tcheck | Ttotal | Status | Flags |
---|---|---|---|---|---|---|
r-devel-linux-x86_64-debian-clang | 1.0.4 | 5.42 | 53.86 | 59.28 | NOTE | |
r-devel-linux-x86_64-debian-gcc | 1.0.4 | 3.32 | 40.78 | 44.10 | NOTE | |
r-devel-linux-x86_64-fedora-clang | 1.0.4 | 97.06 | NOTE | |||
r-devel-linux-x86_64-fedora-gcc | 1.0.4 | 101.88 | NOTE | |||
r-devel-windows-x86_64 | 1.0.4 | 7.00 | 84.00 | 91.00 | NOTE | |
r-patched-linux-x86_64 | 1.0.4 | 4.09 | 51.18 | 55.27 | NOTE | |
r-release-linux-x86_64 | 1.0.4 | 4.83 | 51.37 | 56.20 | NOTE | |
r-release-macos-arm64 | 1.0.4 | 52.00 | NOTE | |||
r-release-macos-x86_64 | 1.0.4 | 75.00 | NOTE | |||
r-release-windows-x86_64 | 1.0.4 | 8.00 | 83.00 | 91.00 | NOTE | |
r-oldrel-macos-arm64 | 1.0.4 | 46.00 | NOTE | |||
r-oldrel-macos-x86_64 | 1.0.4 | 64.00 | NOTE | |||
r-oldrel-windows-x86_64 | 1.0.4 | 8.00 | 97.00 | 105.00 | NOTE |
Version: 1.0.4
Check: LazyData
Result: NOTE
'LazyData' is specified without a 'data' directory
Flavors: r-devel-linux-x86_64-debian-clang, r-devel-linux-x86_64-debian-gcc, r-devel-linux-x86_64-fedora-clang, r-devel-linux-x86_64-fedora-gcc, r-devel-windows-x86_64, r-patched-linux-x86_64, r-release-linux-x86_64, r-release-macos-arm64, r-release-macos-x86_64, r-release-windows-x86_64, r-oldrel-macos-arm64, r-oldrel-macos-x86_64, r-oldrel-windows-x86_64