Last updated on 2024-04-19 01:58:59 CEST.
Flavor | Version | Tinstall | Tcheck | Ttotal | Status | Flags |
---|---|---|---|---|---|---|
r-devel-linux-x86_64-debian-clang | 0.7.2 | 13.72 | 146.17 | 159.89 | NOTE | |
r-devel-linux-x86_64-debian-gcc | 0.7.2 | 11.07 | 105.81 | 116.88 | NOTE | |
r-devel-linux-x86_64-fedora-clang | 0.7.2 | 194.36 | NOTE | |||
r-devel-linux-x86_64-fedora-gcc | 0.7.2 | 190.20 | NOTE | |||
r-prerel-macos-arm64 | 0.7.2 | 51.00 | NOTE | |||
r-prerel-windows-x86_64 | 0.7.2 | 13.00 | 130.00 | 143.00 | NOTE | |
r-patched-linux-x86_64 | 0.7.2 | 12.75 | 139.49 | 152.24 | NOTE | |
r-release-linux-x86_64 | 0.7.2 | 11.03 | 137.20 | 148.23 | OK | |
r-release-macos-arm64 | 0.7.2 | 63.00 | OK | |||
r-release-macos-x86_64 | 0.7.2 | 98.00 | NOTE | |||
r-release-windows-x86_64 | 0.7.2 | 17.00 | 169.00 | 186.00 | OK | |
r-oldrel-macos-arm64 | 0.7.2 | 65.00 | OK | |||
r-oldrel-windows-x86_64 | 0.7.2 | 17.00 | 154.00 | 171.00 | OK |
Version: 0.7.2
Check: Rd files
Result: NOTE
checkRd: (-1) box_m.Rd:19: Lost braces in \itemize; \value handles \item{}{} directly
checkRd: (-1) box_m.Rd:20: Lost braces in \itemize; \value handles \item{}{} directly
checkRd: (-1) box_m.Rd:21: Lost braces in \itemize; \value handles \item{}{} directly
checkRd: (-1) box_m.Rd:22: Lost braces in \itemize; \value handles \item{}{} directly
checkRd: (-1) wilcox_test.Rd:91: Lost braces; missing escapes or markup?
91 | distribution of \code{(u+v)/2}, where \code{u} and {v} are independent, each
| ^
Flavors: r-devel-linux-x86_64-debian-clang, r-devel-linux-x86_64-debian-gcc, r-devel-linux-x86_64-fedora-clang, r-devel-linux-x86_64-fedora-gcc, r-prerel-macos-arm64, r-prerel-windows-x86_64, r-patched-linux-x86_64
Version: 0.7.2
Check: package dependencies
Result: NOTE
Package suggested but not available for checking: ‘ggpubr’
Flavor: r-release-macos-x86_64