CRAN Package Check Results for Package rstatix

Last updated on 2022-01-20 01:50:48 CET.

Flavor Version Tinstall Tcheck Ttotal Status Flags
r-devel-linux-x86_64-debian-clang 0.7.0 NOTE
r-devel-linux-x86_64-debian-gcc 0.7.0 10.20 104.57 114.77 NOTE
r-devel-linux-x86_64-fedora-clang 0.7.0 182.52 NOTE
r-devel-linux-x86_64-fedora-gcc 0.7.0 170.55 NOTE
r-devel-windows-x86_64-new-UL 0.7.0 126.00 171.00 297.00 NOTE
r-devel-windows-x86_64-new-TK 0.7.0 NOTE
r-patched-linux-x86_64 0.7.0 13.19 133.38 146.57 NOTE
r-release-linux-x86_64 0.7.0 NOTE
r-release-macos-arm64 0.7.0 NOTE
r-release-macos-x86_64 0.7.0 NOTE
r-release-windows-ix86+x86_64 0.7.0 24.00 170.00 194.00 NOTE
r-oldrel-macos-x86_64 0.7.0 OK
r-oldrel-windows-ix86+x86_64 0.7.0 25.00 176.00 201.00 OK

Check Details

Version: 0.7.0
Check: LazyData
Result: NOTE
     'LazyData' is specified without a 'data' directory
Flavors: r-devel-linux-x86_64-debian-clang, r-devel-linux-x86_64-debian-gcc, r-devel-linux-x86_64-fedora-clang, r-devel-linux-x86_64-fedora-gcc, r-devel-windows-x86_64-new-UL, r-devel-windows-x86_64-new-TK, r-patched-linux-x86_64, r-release-linux-x86_64, r-release-macos-arm64, r-release-macos-x86_64, r-release-windows-ix86+x86_64