Last updated on 2022-05-20 01:51:15 CEST.
Flavor | Version | Tinstall | Tcheck | Ttotal | Status | Flags |
---|---|---|---|---|---|---|
r-devel-linux-x86_64-debian-clang | 1.5.6 | 209.67 | 196.33 | 406.00 | OK | |
r-devel-linux-x86_64-debian-gcc | 1.5.6 | 155.61 | 145.92 | 301.53 | OK | |
r-devel-linux-x86_64-fedora-clang | 1.5.6 | 568.71 | NOTE | |||
r-devel-linux-x86_64-fedora-gcc | 1.5.6 | 526.33 | OK | |||
r-devel-windows-x86_64 | 1.5.6 | 166.00 | 299.00 | 465.00 | OK | |
r-patched-linux-x86_64 | 1.5.6 | 174.22 | 184.91 | 359.13 | OK | |
r-release-linux-x86_64 | 1.5.6 | 171.87 | 182.62 | 354.49 | OK | |
r-release-macos-arm64 | 1.5.6 | 138.00 | NOTE | |||
r-release-macos-x86_64 | 1.5.6 | 191.00 | NOTE | |||
r-release-windows-x86_64 | 1.5.6 | 175.00 | 314.00 | 489.00 | OK | |
r-oldrel-macos-arm64 | 1.5.6 | 140.00 | NOTE | |||
r-oldrel-macos-x86_64 | 1.5.6 | 175.00 | NOTE | |||
r-oldrel-windows-ix86+x86_64 | 1.5.6 | 431.00 | 335.00 | 766.00 | NOTE |
Version: 1.5.6
Check: installed package size
Result: NOTE
installed size is 14.0Mb
sub-directories of 1Mb or more:
libs 11.5Mb
Flavors: r-devel-linux-x86_64-fedora-clang, r-release-macos-arm64, r-release-macos-x86_64, r-oldrel-macos-arm64, r-oldrel-macos-x86_64, r-oldrel-windows-ix86+x86_64
Version: 1.5.6
Check: Rd cross-references
Result: NOTE
Undeclared packages ‘flexsurv’, ‘timereg’ in Rd xrefs
Flavor: r-devel-linux-x86_64-fedora-clang