CRAN Package Check Results for Package rt

Last updated on 2025-11-12 01:49:10 CET.

Flavor Version Tinstall Tcheck Ttotal Status Flags
r-devel-linux-x86_64-debian-clang 1.1.0 2.20 35.99 38.19 NOTE
r-devel-linux-x86_64-debian-gcc 1.1.0 1.57 27.61 29.18 NOTE
r-devel-linux-x86_64-fedora-clang 1.1.0 56.04 NOTE
r-devel-linux-x86_64-fedora-gcc 1.1.0 72.49 NOTE
r-devel-windows-x86_64 1.1.0 4.00 59.00 63.00 NOTE
r-patched-linux-x86_64 1.1.0 2.82 32.43 35.25 NOTE
r-release-linux-x86_64 1.1.0 2.30 32.58 34.88 NOTE
r-release-macos-arm64 1.1.0 1.00 33.00 34.00 NOTE
r-release-macos-x86_64 1.1.0 2.00 51.00 53.00 NOTE
r-release-windows-x86_64 1.1.0 5.00 61.00 66.00 NOTE
r-oldrel-macos-arm64 1.1.0 1.00 27.00 28.00 NOTE
r-oldrel-macos-x86_64 1.1.0 2.00 38.00 40.00 NOTE
r-oldrel-windows-x86_64 1.1.0 6.00 65.00 71.00 NOTE

Check Details

Version: 1.1.0
Check: Rd files
Result: NOTE checkRd: (-1) rt_GET.Rd:13: Lost braces 13 | code{\link[httr]{GET}} (\code{TRUE}) or not (\code{FALSE})} | ^ checkRd: (-1) rt_POST.Rd:13: Lost braces 13 | code{\link[httr]{POST}} (\code{TRUE}) or not (\code{FALSE})} | ^ Flavors: r-devel-linux-x86_64-debian-clang, r-devel-linux-x86_64-debian-gcc, r-devel-linux-x86_64-fedora-clang, r-devel-linux-x86_64-fedora-gcc, r-devel-windows-x86_64, r-patched-linux-x86_64, r-release-linux-x86_64, r-release-macos-arm64, r-release-macos-x86_64, r-release-windows-x86_64, r-oldrel-macos-arm64, r-oldrel-macos-x86_64, r-oldrel-windows-x86_64