CRAN Package Check Results for Package rtdists

Last updated on 2025-05-18 02:49:48 CEST.

Flavor Version Tinstall Tcheck Ttotal Status Flags
r-devel-linux-x86_64-debian-clang 0.11-5 22.31 338.10 360.41 NOTE
r-devel-linux-x86_64-debian-gcc 0.11-5 15.13 196.67 211.80 NOTE
r-devel-linux-x86_64-fedora-clang 0.11-5 576.39 NOTE
r-devel-linux-x86_64-fedora-gcc 0.11-5 632.41 NOTE
r-devel-windows-x86_64 0.11-5 26.00 285.00 311.00 NOTE
r-patched-linux-x86_64 0.11-5 20.80 318.36 339.16 NOTE
r-release-linux-x86_64 0.11-5 20.92 315.16 336.08 NOTE
r-release-macos-arm64 0.11-5 201.00 NOTE
r-release-macos-x86_64 0.11-5 379.00 NOTE
r-release-windows-x86_64 0.11-5 26.00 298.00 324.00 NOTE
r-oldrel-macos-arm64 0.11-5 132.00 NOTE
r-oldrel-macos-x86_64 0.11-5 217.00 NOTE
r-oldrel-windows-x86_64 0.11-5 32.00 398.00 430.00 NOTE

Check Details

Version: 0.11-5
Check: Rd files
Result: NOTE checkRd: (-1) LBA-race.Rd:157: Lost braces 157 | corresponding (and not first) accumulator winning see /code{/link{LBA}}. | ^ checkRd: (-1) LBA-race.Rd:157: Lost braces 157 | corresponding (and not first) accumulator winning see /code{/link{LBA}}. | ^ Flavors: r-devel-linux-x86_64-debian-clang, r-devel-linux-x86_64-debian-gcc, r-devel-linux-x86_64-fedora-clang, r-devel-linux-x86_64-fedora-gcc, r-devel-windows-x86_64, r-patched-linux-x86_64, r-release-linux-x86_64, r-release-macos-arm64, r-release-macos-x86_64, r-release-windows-x86_64, r-oldrel-macos-arm64, r-oldrel-macos-x86_64, r-oldrel-windows-x86_64