Last updated on 2024-03-28 01:54:09 CET.
Flavor | Version | Tinstall | Tcheck | Ttotal | Status | Flags |
---|---|---|---|---|---|---|
r-devel-linux-x86_64-debian-clang | 0.7.2 | 1697.64 | 208.06 | 1905.70 | NOTE | |
r-devel-linux-x86_64-debian-gcc | 0.7.2 | 1582.91 | 250.73 | 1833.64 | NOTE | |
r-devel-linux-x86_64-fedora-clang | 0.7.2 | 2326.17 | NOTE | |||
r-devel-linux-x86_64-fedora-gcc | 0.7.2 | 3326.90 | NOTE | |||
r-devel-windows-x86_64 | 0.7.2 | 1212.00 | 267.00 | 1479.00 | NOTE | |
r-patched-linux-x86_64 | 0.7.2 | 0.46 | 1.73 | 2.19 | ERROR | |
r-release-linux-x86_64 | 0.7.2 | 0.43 | 1.67 | 2.10 | ERROR | |
r-release-macos-arm64 | 0.7.2 | 410.00 | NOTE | |||
r-release-macos-x86_64 | 0.7.2 | 523.00 | NOTE | |||
r-release-windows-x86_64 | 0.7.2 | 1618.00 | 356.00 | 1974.00 | NOTE | |
r-oldrel-macos-arm64 | 0.7.2 | 551.00 | NOTE | |||
r-oldrel-windows-x86_64 | 0.7.2 | 1566.00 | 311.00 | 1877.00 | NOTE |
Version: 0.7.2
Check: package dependencies
Result: NOTE
Package suggested but not available for checking: ‘cmdstanr’
Flavors: r-devel-linux-x86_64-debian-clang, r-devel-linux-x86_64-debian-gcc, r-devel-linux-x86_64-fedora-clang, r-devel-linux-x86_64-fedora-gcc, r-devel-windows-x86_64, r-release-macos-arm64, r-release-macos-x86_64, r-release-windows-x86_64, r-oldrel-macos-arm64, r-oldrel-windows-x86_64
Version: 0.7.2
Check: for GNU extensions in Makefiles
Result: NOTE
GNU make is a SystemRequirements.
Flavors: r-devel-linux-x86_64-debian-clang, r-devel-linux-x86_64-debian-gcc, r-devel-linux-x86_64-fedora-clang, r-devel-linux-x86_64-fedora-gcc, r-devel-windows-x86_64, r-release-macos-arm64, r-release-macos-x86_64, r-release-windows-x86_64, r-oldrel-macos-arm64, r-oldrel-windows-x86_64
Version: 0.7.2
Check: installed package size
Result: NOTE
installed size is 16.4Mb
sub-directories of 1Mb or more:
data 1.5Mb
libs 14.0Mb
Flavors: r-devel-linux-x86_64-fedora-clang, r-devel-windows-x86_64, r-release-macos-arm64, r-release-macos-x86_64, r-release-windows-x86_64, r-oldrel-macos-arm64, r-oldrel-windows-x86_64
Version: 0.7.2
Check: Rd cross-references
Result: NOTE
Undeclared package ‘glmmrBase’ in Rd xrefs
Flavor: r-devel-linux-x86_64-fedora-clang
Version: 0.7.2
Check: package dependencies
Result: ERROR
Package required but not available: ‘glmmrBase’
Package suggested but not available for checking: ‘cmdstanr’
See section ‘The DESCRIPTION file’ in the ‘Writing R Extensions’
manual.
Flavors: r-patched-linux-x86_64, r-release-linux-x86_64