Last updated on 2024-08-16 01:48:29 CEST.
Flavor | Version | Tinstall | Tcheck | Ttotal | Status | Flags |
---|---|---|---|---|---|---|
r-devel-linux-x86_64-debian-clang | 0.3.4 | 67.26 | 186.99 | 254.25 | NOTE | |
r-devel-linux-x86_64-debian-gcc | 0.3.4 | 42.19 | 134.93 | 177.12 | NOTE | |
r-devel-linux-x86_64-fedora-clang | 0.3.4 | 422.97 | NOTE | |||
r-devel-linux-x86_64-fedora-gcc | 0.3.4 | 440.04 | NOTE | |||
r-devel-windows-x86_64 | 0.3.4 | 69.00 | 218.00 | 287.00 | NOTE | |
r-patched-linux-x86_64 | 0.3.4 | 59.75 | 175.83 | 235.58 | NOTE | |
r-release-linux-x86_64 | 0.3.4 | 59.91 | 177.64 | 237.55 | NOTE | |
r-release-macos-arm64 | 0.3.4 | 114.00 | NOTE | |||
r-release-macos-x86_64 | 0.3.4 | 255.00 | NOTE | |||
r-release-windows-x86_64 | 0.3.4 | 73.00 | 221.00 | 294.00 | NOTE | |
r-oldrel-macos-arm64 | 0.3.4 | 133.00 | NOTE | |||
r-oldrel-macos-x86_64 | 0.3.4 | 220.00 | NOTE | |||
r-oldrel-windows-x86_64 | 0.3.4 | 83.00 | 255.00 | 338.00 | NOTE |
Version: 0.3.4
Check: for GNU extensions in Makefiles
Result: NOTE
GNU make is a SystemRequirements.
Flavors: r-devel-linux-x86_64-debian-clang, r-devel-linux-x86_64-debian-gcc, r-devel-linux-x86_64-fedora-clang, r-devel-linux-x86_64-fedora-gcc, r-devel-windows-x86_64, r-patched-linux-x86_64, r-release-linux-x86_64, r-release-macos-arm64, r-release-macos-x86_64, r-release-windows-x86_64, r-oldrel-macos-arm64, r-oldrel-macos-x86_64, r-oldrel-windows-x86_64