Last updated on 2023-06-05 01:52:17 CEST.
Flavor | Version | Tinstall | Tcheck | Ttotal | Status | Flags |
---|---|---|---|---|---|---|
r-devel-linux-x86_64-debian-clang | 0.3.3 | 98.76 | 220.51 | 319.27 | NOTE | |
r-devel-linux-x86_64-debian-gcc | 0.3.3 | 82.80 | 165.43 | 248.23 | NOTE | |
r-devel-linux-x86_64-fedora-clang | 0.3.3 | 460.46 | NOTE | |||
r-devel-linux-x86_64-fedora-gcc | 0.3.3 | 437.12 | NOTE | |||
r-devel-windows-x86_64 | 0.3.3 | 80.00 | 215.00 | 295.00 | NOTE | |
r-patched-linux-x86_64 | 0.3.3 | 65.69 | 216.23 | 281.92 | NOTE | |
r-release-linux-x86_64 | 0.3.3 | 59.19 | 218.47 | 277.66 | NOTE | |
r-release-macos-arm64 | 0.3.3 | 128.00 | NOTE | |||
r-release-macos-x86_64 | 0.3.3 | 212.00 | NOTE | |||
r-release-windows-x86_64 | 0.3.3 | 103.00 | 256.00 | 359.00 | NOTE | |
r-oldrel-macos-arm64 | 0.3.3 | 111.00 | NOTE | |||
r-oldrel-macos-x86_64 | 0.3.3 | 199.00 | NOTE | |||
r-oldrel-windows-x86_64 | 0.3.3 | 102.00 | 255.00 | 357.00 | NOTE |
Version: 0.3.3
Check: C++ specification
Result: NOTE
Specified C++11: please drop specification unless essential
Flavors: r-devel-linux-x86_64-debian-clang, r-devel-linux-x86_64-debian-gcc, r-devel-linux-x86_64-fedora-clang, r-devel-linux-x86_64-fedora-gcc, r-devel-windows-x86_64, r-patched-linux-x86_64, r-release-linux-x86_64, r-release-macos-arm64, r-release-macos-x86_64, r-release-windows-x86_64
Version: 0.3.3
Check: for GNU extensions in Makefiles
Result: NOTE
GNU make is a SystemRequirements.
Flavors: r-devel-linux-x86_64-debian-clang, r-devel-linux-x86_64-debian-gcc, r-devel-linux-x86_64-fedora-clang, r-devel-linux-x86_64-fedora-gcc, r-devel-windows-x86_64, r-patched-linux-x86_64, r-release-linux-x86_64, r-release-macos-arm64, r-release-macos-x86_64, r-release-windows-x86_64, r-oldrel-macos-arm64, r-oldrel-macos-x86_64, r-oldrel-windows-x86_64