Last updated on 2024-04-17 01:49:56 CEST.
Flavor | Version | Tinstall | Tcheck | Ttotal | Status | Flags |
---|---|---|---|---|---|---|
r-devel-linux-x86_64-debian-clang | 0.3.0 | 5.80 | 69.67 | 75.47 | NOTE | |
r-devel-linux-x86_64-debian-gcc | 0.3.0 | 4.03 | 53.56 | 57.59 | NOTE | |
r-devel-linux-x86_64-fedora-clang | 0.3.0 | 97.20 | NOTE | |||
r-devel-linux-x86_64-fedora-gcc | 0.3.0 | 103.12 | NOTE | |||
r-prerel-macos-arm64 | 0.3.0 | 38.00 | NOTE | |||
r-prerel-windows-x86_64 | 0.3.0 | 7.00 | 76.00 | 83.00 | NOTE | |
r-patched-linux-x86_64 | 0.3.0 | 5.98 | 67.80 | 73.78 | NOTE | |
r-release-linux-x86_64 | 0.3.0 | 3.73 | 65.25 | 68.98 | OK | |
r-release-macos-arm64 | 0.3.0 | 39.00 | OK | |||
r-release-macos-x86_64 | 0.3.0 | 59.00 | OK | |||
r-release-windows-x86_64 | 0.3.0 | 7.00 | 83.00 | 90.00 | OK | |
r-oldrel-macos-arm64 | 0.3.0 | 35.00 | OK | |||
r-oldrel-windows-x86_64 | 0.3.0 | 8.00 | 84.00 | 92.00 | OK |
Version: 0.3.0
Check: Rd files
Result: NOTE
checkRd: (-1) rules.Rd:24: Lost braces; missing escapes or markup?
24 | \item Absent names are replaced with the 'rule__\\{ind\\}' where \\{ind\\} is the
| ^
checkRd: (-1) rules.Rd:24: Lost braces; missing escapes or markup?
24 | \item Absent names are replaced with the 'rule__\\{ind\\}' where \\{ind\\} is the
| ^
Flavors: r-devel-linux-x86_64-debian-clang, r-devel-linux-x86_64-debian-gcc, r-devel-linux-x86_64-fedora-clang, r-devel-linux-x86_64-fedora-gcc, r-prerel-macos-arm64, r-prerel-windows-x86_64, r-patched-linux-x86_64