CRAN Package Check Results for Package rvinecopulib

Last updated on 2019-12-07 23:47:12 CET.

Flavor Version Tinstall Tcheck Ttotal Status Flags
r-devel-linux-x86_64-debian-clang 0.5.1.1.0 133.80 66.36 200.16 OK
r-devel-linux-x86_64-debian-gcc 0.5.1.1.0 145.43 52.99 198.42 OK
r-devel-linux-x86_64-fedora-clang 0.5.1.1.0 277.75 NOTE
r-devel-linux-x86_64-fedora-gcc 0.5.1.1.0 305.83 OK
r-devel-windows-ix86+x86_64 0.5.1.1.0 238.00 172.00 410.00 NOTE
r-devel-windows-ix86+x86_64-gcc8 0.5.1.1.0 239.00 187.00 426.00 NOTE
r-patched-linux-x86_64 0.5.1.1.0 143.29 61.74 205.03 OK
r-patched-solaris-x86 0.5.1.1.0 255.20 NOTE
r-release-linux-x86_64 0.5.1.1.0 140.04 62.97 203.01 OK
r-release-windows-ix86+x86_64 0.5.1.1.0 318.00 130.00 448.00 NOTE
r-release-osx-x86_64 0.5.1.1.0 NOTE
r-oldrel-windows-ix86+x86_64 0.5.1.1.0 237.00 173.00 410.00 NOTE
r-oldrel-osx-x86_64 0.5.1.1.0 NOTE

Check Details

Version: 0.5.1.1.0
Check: installed package size
Result: NOTE
     installed size is 55.7Mb
     sub-directories of 1Mb or more:
     include 3.9Mb
     libs 51.3Mb
Flavors: r-devel-linux-x86_64-fedora-clang, r-devel-windows-ix86+x86_64, r-devel-windows-ix86+x86_64-gcc8, r-patched-solaris-x86, r-release-windows-ix86+x86_64, r-release-osx-x86_64, r-oldrel-windows-ix86+x86_64, r-oldrel-osx-x86_64