Last updated on 2024-04-19 01:58:59 CEST.
Flavor | Version | Tinstall | Tcheck | Ttotal | Status | Flags |
---|---|---|---|---|---|---|
r-devel-linux-x86_64-debian-clang | 1.0.1 | 11.10 | 155.44 | 166.54 | OK | |
r-devel-linux-x86_64-debian-gcc | 1.0.1 | 7.30 | 118.65 | 125.95 | OK | |
r-devel-linux-x86_64-fedora-clang | 1.0.1 | 209.38 | NOTE | |||
r-devel-linux-x86_64-fedora-gcc | 1.0.1 | 219.36 | NOTE | |||
r-prerel-macos-arm64 | 1.0.1 | 98.00 | OK | |||
r-prerel-windows-x86_64 | 1.0.1 | 10.00 | 147.00 | 157.00 | OK | |
r-patched-linux-x86_64 | 1.0.1 | 8.79 | 150.13 | 158.92 | OK | |
r-release-linux-x86_64 | 1.0.1 | 6.41 | 151.34 | 157.75 | OK | |
r-release-macos-arm64 | 1.0.1 | 107.00 | NOTE | |||
r-release-macos-x86_64 | 1.0.1 | 171.00 | NOTE | |||
r-release-windows-x86_64 | 1.0.1 | 12.00 | 178.00 | 190.00 | OK | |
r-oldrel-macos-arm64 | 1.0.1 | 100.00 | NOTE | |||
r-oldrel-windows-x86_64 | 1.0.1 | 13.00 | 172.00 | 185.00 | OK |
Version: 1.0.1
Check: data for non-ASCII characters
Result: NOTE
Note: found 12 marked UTF-8 strings
Flavors: r-devel-linux-x86_64-fedora-clang, r-devel-linux-x86_64-fedora-gcc
Version: 1.0.1
Check: package dependencies
Result: NOTE
Packages suggested but not available for checking:
'BiocPkgTools', 'biocViews'
Flavors: r-release-macos-arm64, r-release-macos-x86_64, r-oldrel-macos-arm64
Version: 1.0.1
Check: Rd cross-references
Result: NOTE
Packages unavailable to check Rd xrefs: ‘BiocPkgTools’, ‘biocViews’
Flavors: r-release-macos-arm64, r-release-macos-x86_64, r-oldrel-macos-arm64