Last updated on 2022-07-02 01:49:07 CEST.
Flavor | Version | Tinstall | Tcheck | Ttotal | Status | Flags |
---|---|---|---|---|---|---|
r-devel-linux-x86_64-debian-clang | 0.2.7 | 110.63 | 31.62 | 142.25 | OK | |
r-devel-linux-x86_64-debian-gcc | 0.2.7 | 97.83 | 24.46 | 122.29 | OK | |
r-devel-linux-x86_64-fedora-clang | 0.2.7 | 252.58 | NOTE | |||
r-devel-linux-x86_64-fedora-gcc | 0.2.7 | 213.66 | OK | |||
r-devel-windows-x86_64 | 0.2.7 | 159.00 | 83.00 | 242.00 | OK | |
r-patched-linux-x86_64 | 0.2.7 | 104.56 | 30.10 | 134.66 | OK | |
r-release-linux-x86_64 | 0.2.7 | 102.70 | 30.38 | 133.08 | OK | |
r-release-macos-arm64 | 0.2.7 | 55.00 | NOTE | |||
r-release-macos-x86_64 | 0.2.7 | 69.00 | NOTE | |||
r-release-windows-x86_64 | 0.2.7 | 222.00 | 86.00 | 308.00 | OK | |
r-oldrel-macos-arm64 | 0.2.7 | 50.00 | NOTE | |||
r-oldrel-macos-x86_64 | 0.2.7 | 68.00 | NOTE | |||
r-oldrel-windows-ix86+x86_64 | 0.2.7 | 282.00 | 83.00 | 365.00 | OK |
Version: 0.2.7
Check: installed package size
Result: NOTE
installed size is 7.2Mb
sub-directories of 1Mb or more:
libs 6.8Mb
Flavors: r-devel-linux-x86_64-fedora-clang, r-release-macos-arm64, r-release-macos-x86_64, r-oldrel-macos-arm64, r-oldrel-macos-x86_64