Last updated on 2024-04-23 01:57:14 CEST.
Flavor | Version | Tinstall | Tcheck | Ttotal | Status | Flags |
---|---|---|---|---|---|---|
r-devel-linux-x86_64-debian-clang | 0.2.12 | 126.63 | 31.62 | 158.25 | OK | |
r-devel-linux-x86_64-debian-gcc | 0.2.12 | 106.83 | 24.33 | 131.16 | OK | |
r-devel-linux-x86_64-fedora-clang | 0.2.12 | 276.90 | OK | |||
r-devel-linux-x86_64-fedora-gcc | 0.2.12 | 249.80 | OK | |||
r-prerel-macos-arm64 | 0.2.12 | 56.00 | NOTE | |||
r-prerel-windows-x86_64 | 0.2.12 | 114.00 | 72.00 | 186.00 | OK | |
r-patched-linux-x86_64 | 0.2.12 | 124.35 | 31.21 | 155.56 | OK | |
r-release-linux-x86_64 | 0.2.12 | 127.10 | 30.61 | 157.71 | OK | |
r-release-macos-arm64 | 0.2.12 | 57.00 | NOTE | |||
r-release-macos-x86_64 | 0.2.12 | 76.00 | NOTE | |||
r-release-windows-x86_64 | 0.2.12 | 121.00 | 82.00 | 203.00 | OK | |
r-oldrel-macos-arm64 | 0.2.12 | 58.00 | NOTE | |||
r-oldrel-windows-x86_64 | 0.2.12 | 128.00 | 78.00 | 206.00 | OK |
Version: 0.2.12
Check: installed package size
Result: NOTE
installed size is 8.9Mb
sub-directories of 1Mb or more:
libs 8.5Mb
Flavors: r-prerel-macos-arm64, r-release-macos-arm64, r-release-macos-x86_64, r-oldrel-macos-arm64