Last updated on 2024-04-19 01:58:59 CEST.
Flavor | Version | Tinstall | Tcheck | Ttotal | Status | Flags |
---|---|---|---|---|---|---|
r-devel-linux-x86_64-debian-clang | 0.2.0 | 25.54 | 77.49 | 103.03 | NOTE | |
r-devel-linux-x86_64-debian-gcc | 0.2.0 | 17.19 | 57.39 | 74.58 | NOTE | |
r-devel-linux-x86_64-fedora-clang | 0.2.0 | 136.35 | NOTE | |||
r-devel-linux-x86_64-fedora-gcc | 0.2.0 | 312.20 | NOTE | |||
r-prerel-macos-arm64 | 0.2.0 | 93.00 | NOTE | |||
r-prerel-windows-x86_64 | 0.2.0 | 23.00 | 95.00 | 118.00 | NOTE | |
r-patched-linux-x86_64 | 0.2.0 | 26.30 | 74.04 | 100.34 | NOTE | |
r-release-linux-x86_64 | 0.2.0 | 19.15 | 74.20 | 93.35 | OK | |
r-release-macos-arm64 | 0.2.0 | 91.00 | OK | |||
r-release-macos-x86_64 | 0.2.0 | 123.00 | OK | |||
r-release-windows-x86_64 | 0.2.0 | 28.00 | 112.00 | 140.00 | OK | |
r-oldrel-macos-arm64 | 0.2.0 | 77.00 | OK | |||
r-oldrel-windows-x86_64 | 0.2.0 | 25.00 | 108.00 | 133.00 | OK |
Version: 0.2.0
Check: Rd files
Result: NOTE
checkRd: (-1) setData.ReducedRankRegressions.Rd:14-16: Lost braces in \itemize; meant \describe ?
checkRd: (-1) setData.ReducedRankRegressions.Rd:17-18: Lost braces in \itemize; meant \describe ?
Flavors: r-devel-linux-x86_64-debian-clang, r-devel-linux-x86_64-debian-gcc, r-devel-linux-x86_64-fedora-clang, r-devel-linux-x86_64-fedora-gcc, r-prerel-macos-arm64, r-prerel-windows-x86_64, r-patched-linux-x86_64
Version: 0.2.0
Check: compiled code
Result: NOTE
File ‘sBIC/libs/sBIC.so’:
Found no calls to: ‘R_registerRoutines’, ‘R_useDynamicSymbols’
It is good practice to register native routines and to disable symbol
search.
See ‘Writing portable packages’ in the ‘Writing R Extensions’ manual.
Flavors: r-devel-linux-x86_64-fedora-clang, r-devel-linux-x86_64-fedora-gcc