CRAN Package Check Results for Package sMTL

Last updated on 2025-04-30 02:50:52 CEST.

Flavor Version Tinstall Tcheck Ttotal Status Flags
r-devel-linux-x86_64-debian-clang 0.1.0 7.20 49.77 56.97 NOTE
r-devel-linux-x86_64-debian-gcc 0.1.0 5.08 35.30 40.38 NOTE
r-devel-linux-x86_64-fedora-clang 0.1.0 95.00 OK
r-devel-linux-x86_64-fedora-gcc 0.1.0 83.51 OK
r-devel-windows-x86_64 0.1.0 8.00 68.00 76.00 OK
r-patched-linux-x86_64 0.1.0 7.31 47.07 54.38 OK
r-release-linux-x86_64 0.1.0 7.36 46.62 53.98 OK
r-release-macos-arm64 0.1.0 28.00 OK
r-release-macos-x86_64 0.1.0 49.00 OK
r-release-windows-x86_64 0.1.0 8.00 65.00 73.00 OK
r-oldrel-macos-arm64 0.1.0 28.00 OK
r-oldrel-macos-x86_64 0.1.0 40.00 OK
r-oldrel-windows-x86_64 0.1.0 11.00 72.00 83.00 OK

Check Details

Version: 0.1.0
Check: CRAN incoming feasibility
Result: NOTE Maintainer: ‘Gabriel Loewinger <gloewinger@gmail.com>’ The Description field contains Loewinger et al., (2022) <arXiv:2212.08697>. Please refer to arXiv e-prints via their arXiv DOI <doi:10.48550/arXiv.YYMM.NNNNN>. Flavors: r-devel-linux-x86_64-debian-clang, r-devel-linux-x86_64-debian-gcc