Last updated on 2025-05-09 01:50:17 CEST.
Flavor | Version | Tinstall | Tcheck | Ttotal | Status | Flags |
---|---|---|---|---|---|---|
r-devel-linux-x86_64-debian-clang | 0.4.3 | 33.19 | 326.55 | 359.74 | NOTE | |
r-devel-linux-x86_64-debian-gcc | 0.4.3 | 19.74 | 214.03 | 233.77 | NOTE | |
r-devel-linux-x86_64-fedora-clang | 0.4.3 | 610.64 | OK | |||
r-devel-linux-x86_64-fedora-gcc | 0.4.3 | 606.99 | OK | |||
r-devel-windows-x86_64 | 0.4.3 | 28.00 | 250.00 | 278.00 | OK | |
r-patched-linux-x86_64 | 0.4.3 | 32.68 | 303.55 | 336.23 | OK | |
r-release-linux-x86_64 | 0.4.3 | 32.20 | 303.82 | 336.02 | OK | |
r-release-macos-arm64 | 0.4.3 | 142.00 | OK | |||
r-release-macos-x86_64 | 0.4.3 | 311.00 | OK | |||
r-release-windows-x86_64 | 0.4.3 | 27.00 | 248.00 | 275.00 | OK | |
r-oldrel-macos-arm64 | 0.4.3 | 127.00 | OK | |||
r-oldrel-macos-x86_64 | 0.4.3 | 286.00 | OK | |||
r-oldrel-windows-x86_64 | 0.4.3 | 39.00 | 345.00 | 384.00 | OK |
Version: 0.4.3
Check: CRAN incoming feasibility
Result: NOTE
Maintainer: ‘Jakub Nowosad <nowosad.jakub@gmail.com>’
Package CITATION file contains call(s) to old-style citEntry(). Please
use bibentry() instead.
Flavors: r-devel-linux-x86_64-debian-clang, r-devel-linux-x86_64-debian-gcc