Last updated on 2024-08-16 01:48:29 CEST.
Flavor | Version | Tinstall | Tcheck | Ttotal | Status | Flags |
---|---|---|---|---|---|---|
r-devel-linux-x86_64-debian-clang | 0.2.2 | 7.17 | 47.33 | 54.50 | OK | |
r-devel-linux-x86_64-debian-gcc | 0.2.2 | 5.43 | 32.87 | 38.30 | OK | |
r-devel-linux-x86_64-fedora-clang | 0.2.2 | 89.02 | NOTE | |||
r-devel-linux-x86_64-fedora-gcc | 0.2.2 | 95.57 | NOTE | |||
r-devel-windows-x86_64 | 0.2.2 | 9.00 | 64.00 | 73.00 | OK | |
r-patched-linux-x86_64 | 0.2.2 | 7.36 | 44.64 | 52.00 | OK | |
r-release-linux-x86_64 | 0.2.2 | 7.98 | 44.65 | 52.63 | OK | |
r-release-macos-arm64 | 0.2.2 | 30.00 | OK | |||
r-release-macos-x86_64 | 0.2.2 | 48.00 | OK | |||
r-release-windows-x86_64 | 0.2.2 | 9.00 | 71.00 | 80.00 | OK | |
r-oldrel-macos-arm64 | 0.2.2 | 32.00 | OK | |||
r-oldrel-macos-x86_64 | 0.2.2 | 70.00 | OK | |||
r-oldrel-windows-x86_64 | 0.2.2 | 11.00 | 69.00 | 80.00 | OK |
Version: 0.2.2
Check: dependencies in R code
Result: NOTE
Namespaces in Imports field not imported from:
‘CARBayesdata’ ‘MASS’ ‘nimble’
All declared Imports should be used.
Flavors: r-devel-linux-x86_64-fedora-clang, r-devel-linux-x86_64-fedora-gcc