Last updated on 2025-05-01 01:49:46 CEST.
Flavor | Version | Tinstall | Tcheck | Ttotal | Status | Flags |
---|---|---|---|---|---|---|
r-devel-linux-x86_64-debian-clang | 1.0.4 | 18.61 | 156.46 | 175.07 | NOTE | |
r-devel-linux-x86_64-debian-gcc | 1.0.4 | 12.30 | 111.21 | 123.51 | NOTE | |
r-devel-linux-x86_64-fedora-clang | 1.0.4 | 292.07 | OK | |||
r-devel-linux-x86_64-fedora-gcc | 1.0.4 | 296.47 | OK | |||
r-devel-windows-x86_64 | 1.0.4 | 21.00 | 162.00 | 183.00 | NOTE | |
r-patched-linux-x86_64 | 1.0.4 | 20.42 | 146.86 | 167.28 | NOTE | |
r-release-linux-x86_64 | 1.0.4 | 17.76 | 146.02 | 163.78 | NOTE | |
r-release-macos-arm64 | 1.0.4 | 100.00 | OK | |||
r-release-macos-x86_64 | 1.0.4 | 154.00 | OK | |||
r-release-windows-x86_64 | 1.0.4 | 21.00 | 169.00 | 190.00 | NOTE | |
r-oldrel-macos-arm64 | 1.0.4 | 84.00 | OK | |||
r-oldrel-macos-x86_64 | 1.0.4 | 237.00 | OK | |||
r-oldrel-windows-x86_64 | 1.0.4 | 26.00 | 196.00 | 222.00 | OK |
Version: 1.0.4
Check: CRAN incoming feasibility
Result: NOTE
Maintainer: ‘Nora Würz <nora.wuerz@uni-bamberg.de>’
No Authors@R field in DESCRIPTION.
Please add one, modifying
Authors@R: person(given = "Nora",
family = "Würz",
role = c("aut", "cre"),
email = "nora.wuerz@uni-bamberg.de")
as necessary.
Flavors: r-devel-linux-x86_64-debian-clang, r-devel-linux-x86_64-debian-gcc
Version: 1.0.4
Check: Rd cross-references
Result: NOTE
Found the following Rd file(s) with Rd \link{} targets missing package
anchors:
compare_pred.Rd: emdi
write.excel.Rd: openxlsx
Please provide package anchors for all Rd \link{} targets not in the
package itself and the base packages.
Flavors: r-devel-linux-x86_64-debian-clang, r-devel-linux-x86_64-debian-gcc, r-devel-windows-x86_64, r-patched-linux-x86_64, r-release-linux-x86_64, r-release-windows-x86_64