Last updated on 2025-05-02 01:52:24 CEST.
Flavor | Version | Tinstall | Tcheck | Ttotal | Status | Flags |
---|---|---|---|---|---|---|
r-devel-linux-x86_64-debian-clang | 0.1.1 | 1.66 | 23.09 | 24.75 | NOTE | |
r-devel-linux-x86_64-debian-gcc | 0.1.1 | 1.41 | 18.88 | 20.29 | NOTE | |
r-devel-linux-x86_64-fedora-clang | 0.1.1 | 39.70 | OK | |||
r-devel-linux-x86_64-fedora-gcc | 0.1.1 | 50.28 | OK | |||
r-devel-windows-x86_64 | 0.1.1 | 3.00 | 44.00 | 47.00 | OK | |
r-patched-linux-x86_64 | 0.1.1 | 1.80 | 21.20 | 23.00 | OK | |
r-release-linux-x86_64 | OK | |||||
r-release-macos-arm64 | 0.1.1 | 38.00 | OK | |||
r-release-macos-x86_64 | 0.1.1 | 43.00 | OK | |||
r-release-windows-x86_64 | 0.1.1 | 2.00 | 48.00 | 50.00 | OK | |
r-oldrel-macos-arm64 | 0.1.1 | 22.00 | OK | |||
r-oldrel-macos-x86_64 | 0.1.1 | 55.00 | OK | |||
r-oldrel-windows-x86_64 | 0.1.1 | 3.00 | 45.00 | 48.00 | OK |
Version: 0.1.1
Check: CRAN incoming feasibility
Result: NOTE
Maintainer: ‘Wicak Surya Hasani <221710052@stis.ac.id>’
No Authors@R field in DESCRIPTION.
Please add one, modifying
Authors@R: c(person(given = c("Wicak", "Surya"),
family = "Hasani",
role = c("aut", "cre"),
email = "221710052@stis.ac.id"),
person(given = "Azka",
family = "Ubaidillah",
role = "aut"))
as necessary.
Flavors: r-devel-linux-x86_64-debian-clang, r-devel-linux-x86_64-debian-gcc