Last updated on 2022-06-28 01:51:43 CEST.
Flavor | Version | Tinstall | Tcheck | Ttotal | Status | Flags |
---|---|---|---|---|---|---|
r-devel-linux-x86_64-debian-clang | 2.0.1 | 175.48 | 452.73 | 628.21 | OK | |
r-devel-linux-x86_64-debian-gcc | 2.0.1 | 152.76 | 341.41 | 494.17 | OK | |
r-devel-linux-x86_64-fedora-clang | 2.0.1 | 812.71 | NOTE | |||
r-devel-linux-x86_64-fedora-gcc | 2.0.1 | 798.66 | OK | |||
r-devel-windows-x86_64 | 2.0.1 | 153.00 | 501.00 | 654.00 | NOTE | |
r-patched-linux-x86_64 | 2.0.1 | 175.22 | 443.00 | 618.22 | OK | |
r-release-linux-x86_64 | 2.0.1 | 167.92 | 434.22 | 602.14 | OK | |
r-release-macos-arm64 | 2.0.1 | 209.00 | NOTE | |||
r-release-macos-x86_64 | 2.0.1 | 261.00 | NOTE | |||
r-release-windows-x86_64 | 2.0.1 | 149.00 | 495.00 | 644.00 | NOTE | |
r-oldrel-macos-arm64 | 2.0.1 | 239.00 | NOTE | |||
r-oldrel-macos-x86_64 | 2.0.1 | 309.00 | NOTE | |||
r-oldrel-windows-ix86+x86_64 | 2.0.1 | 384.00 | 794.00 | 1178.00 | NOTE |
Version: 2.0.1
Check: installed package size
Result: NOTE
installed size is 17.2Mb
sub-directories of 1Mb or more:
doc 4.0Mb
libs 12.2Mb
Flavors: r-devel-linux-x86_64-fedora-clang, r-devel-windows-x86_64, r-release-macos-arm64, r-release-macos-x86_64, r-release-windows-x86_64, r-oldrel-macos-arm64, r-oldrel-macos-x86_64, r-oldrel-windows-ix86+x86_64