Last updated on 2024-08-16 01:48:29 CEST.
Flavor | Version | Tinstall | Tcheck | Ttotal | Status | Flags |
---|---|---|---|---|---|---|
r-devel-linux-x86_64-debian-clang | 0.0.2 | 167.61 | 54.29 | 221.90 | OK | |
r-devel-linux-x86_64-debian-gcc | 0.0.2 | 133.79 | 55.39 | 189.18 | OK | |
r-devel-linux-x86_64-fedora-clang | 0.0.2 | 361.07 | OK | |||
r-devel-linux-x86_64-fedora-gcc | 0.0.2 | 465.72 | OK | |||
r-devel-windows-x86_64 | 0.0.2 | 158.00 | 99.00 | 257.00 | OK | |
r-patched-linux-x86_64 | 0.0.2 | 183.64 | 69.87 | 253.51 | OK | |
r-release-linux-x86_64 | 0.0.2 | 184.45 | 68.52 | 252.97 | OK | |
r-release-macos-arm64 | 0.0.2 | 94.00 | NOTE | |||
r-release-macos-x86_64 | 0.0.2 | 111.00 | NOTE | |||
r-release-windows-x86_64 | 0.0.2 | 161.00 | 100.00 | 261.00 | OK | |
r-oldrel-macos-arm64 | 0.0.2 | 101.00 | NOTE | |||
r-oldrel-macos-x86_64 | 0.0.2 | 112.00 | NOTE | |||
r-oldrel-windows-x86_64 | 0.0.2 | 189.00 | 119.00 | 308.00 | OK |
Version: 0.0.2
Check: installed package size
Result: NOTE
installed size is 53.6Mb
sub-directories of 1Mb or more:
libs 53.5Mb
Flavors: r-release-macos-arm64, r-release-macos-x86_64, r-oldrel-macos-arm64, r-oldrel-macos-x86_64