Last updated on 2025-05-29 02:51:01 CEST.
Flavor | Version | Tinstall | Tcheck | Ttotal | Status | Flags |
---|---|---|---|---|---|---|
r-devel-linux-x86_64-debian-clang | 0.0.2 | 160.14 | 55.24 | 215.38 | OK | |
r-devel-linux-x86_64-debian-gcc | 0.0.2 | 135.05 | 56.03 | 191.08 | OK | |
r-devel-linux-x86_64-fedora-clang | 0.0.2 | 360.43 | OK | |||
r-devel-linux-x86_64-fedora-gcc | 0.0.2 | 417.22 | OK | |||
r-devel-windows-x86_64 | 0.0.2 | 164.00 | 101.00 | 265.00 | OK | |
r-patched-linux-x86_64 | 0.0.2 | 180.41 | 71.16 | 251.57 | OK | |
r-release-linux-x86_64 | 0.0.2 | 178.07 | 71.80 | 249.87 | OK | |
r-release-macos-arm64 | 0.0.2 | 99.00 | OK | |||
r-release-macos-x86_64 | 0.0.2 | 135.00 | OK | |||
r-release-windows-x86_64 | 0.0.2 | 163.00 | 111.00 | 274.00 | OK | |
r-oldrel-macos-arm64 | 0.0.2 | 94.00 | NOTE | |||
r-oldrel-macos-x86_64 | 0.0.2 | 111.00 | NOTE | |||
r-oldrel-windows-x86_64 | 0.0.2 | 197.00 | 121.00 | 318.00 | OK |
Version: 0.0.2
Check: installed package size
Result: NOTE
installed size is 53.6Mb
sub-directories of 1Mb or more:
libs 53.5Mb
Flavors: r-oldrel-macos-arm64, r-oldrel-macos-x86_64