Last updated on 2024-08-16 01:48:29 CEST.
Flavor | Version | Tinstall | Tcheck | Ttotal | Status | Flags |
---|---|---|---|---|---|---|
r-devel-linux-x86_64-debian-clang | 0.1.0 | 4.47 | 38.60 | 43.07 | OK | |
r-devel-linux-x86_64-debian-gcc | 0.1.0 | 3.12 | 29.66 | 32.78 | OK | |
r-devel-linux-x86_64-fedora-clang | 0.1.0 | 70.21 | NOTE | |||
r-devel-linux-x86_64-fedora-gcc | 0.1.0 | 78.15 | NOTE | |||
r-devel-windows-x86_64 | 0.1.0 | 6.00 | 57.00 | 63.00 | OK | |
r-patched-linux-x86_64 | 0.1.0 | 4.36 | 36.77 | 41.13 | OK | |
r-release-linux-x86_64 | 0.1.0 | 4.36 | 36.51 | 40.87 | OK | |
r-release-macos-arm64 | 0.1.0 | 30.00 | OK | |||
r-release-macos-x86_64 | 0.1.0 | 48.00 | OK | |||
r-release-windows-x86_64 | 0.1.0 | 7.00 | 56.00 | 63.00 | OK | |
r-oldrel-macos-arm64 | 0.1.0 | 34.00 | OK | |||
r-oldrel-macos-x86_64 | 0.1.0 | 53.00 | OK | |||
r-oldrel-windows-x86_64 | 0.1.0 | 7.00 | 60.00 | 67.00 | OK |
Version: 0.1.0
Check: data for non-ASCII characters
Result: NOTE
Note: found 18 marked UTF-8 strings
Flavors: r-devel-linux-x86_64-fedora-clang, r-devel-linux-x86_64-fedora-gcc