CRAN Package Check Results for Package sankey

Last updated on 2022-05-18 01:50:02 CEST.

Flavor Version Tinstall Tcheck Ttotal Status Flags
r-devel-linux-x86_64-debian-clang 1.0.2 2.94 50.92 53.86 NOTE
r-devel-linux-x86_64-debian-gcc 1.0.2 2.12 37.34 39.46 NOTE
r-devel-linux-x86_64-fedora-clang 1.0.2 63.40 NOTE
r-devel-linux-x86_64-fedora-gcc 1.0.2 61.53 NOTE
r-devel-windows-x86_64 1.0.2 15.00 65.00 80.00 NOTE
r-patched-linux-x86_64 1.0.2 2.15 48.46 50.61 NOTE
r-release-linux-x86_64 1.0.2 2.70 49.39 52.09 NOTE
r-release-macos-arm64 1.0.2 21.00 NOTE
r-release-macos-x86_64 1.0.2 27.00 NOTE
r-release-windows-x86_64 1.0.2 16.00 64.00 80.00 NOTE
r-oldrel-macos-arm64 1.0.2 24.00 NOTE
r-oldrel-macos-x86_64 1.0.2 46.00 NOTE
r-oldrel-windows-ix86+x86_64 1.0.2 6.00 60.00 66.00 NOTE

Check Details

Version: 1.0.2
Check: LazyData
Result: NOTE
     'LazyData' is specified without a 'data' directory
Flavors: r-devel-linux-x86_64-debian-clang, r-devel-linux-x86_64-debian-gcc, r-devel-linux-x86_64-fedora-clang, r-devel-linux-x86_64-fedora-gcc, r-devel-windows-x86_64, r-patched-linux-x86_64, r-release-linux-x86_64, r-release-macos-arm64, r-release-macos-x86_64, r-release-windows-x86_64, r-oldrel-macos-arm64, r-oldrel-macos-x86_64, r-oldrel-windows-ix86+x86_64