CRAN Package Check Results for Package sazedR

Last updated on 2022-12-10 01:51:28 CET.

Flavor Version Tinstall Tcheck Ttotal Status Flags
r-devel-linux-x86_64-debian-clang 2.0.2 5.67 51.32 56.99 NOTE
r-devel-linux-x86_64-debian-gcc 2.0.2 4.22 38.80 43.02 NOTE
r-devel-linux-x86_64-fedora-clang 2.0.2 80.94 NOTE
r-devel-linux-x86_64-fedora-gcc 2.0.2 77.06 NOTE
r-devel-windows-x86_64 2.0.2 14.00 85.00 99.00 NOTE
r-patched-linux-x86_64 2.0.2 5.14 47.53 52.67 NOTE
r-release-linux-x86_64 2.0.2 4.92 48.45 53.37 NOTE
r-release-macos-arm64 2.0.2 24.00 NOTE
r-release-macos-x86_64 2.0.2 47.00 NOTE
r-release-windows-x86_64 2.0.2 18.00 83.00 101.00 NOTE
r-oldrel-macos-arm64 2.0.2 28.00 NOTE
r-oldrel-macos-x86_64 2.0.2 33.00 NOTE
r-oldrel-windows-ix86+x86_64 2.0.2 14.00 71.00 85.00 NOTE

Check Details

Version: 2.0.2
Check: LazyData
Result: NOTE
     'LazyData' is specified without a 'data' directory
Flavors: r-devel-linux-x86_64-debian-clang, r-devel-linux-x86_64-debian-gcc, r-devel-linux-x86_64-fedora-clang, r-devel-linux-x86_64-fedora-gcc, r-devel-windows-x86_64, r-patched-linux-x86_64, r-release-linux-x86_64, r-release-macos-arm64, r-release-macos-x86_64, r-release-windows-x86_64, r-oldrel-macos-arm64, r-oldrel-macos-x86_64, r-oldrel-windows-ix86+x86_64