Last updated on 2025-04-30 02:50:51 CEST.
Flavor | Version | Tinstall | Tcheck | Ttotal | Status | Flags |
---|---|---|---|---|---|---|
r-devel-linux-x86_64-debian-clang | 1.0.3 | 32.91 | 75.94 | 108.85 | NOTE | |
r-devel-linux-x86_64-debian-gcc | 1.0.3 | 29.67 | 55.75 | 85.42 | NOTE | |
r-devel-linux-x86_64-fedora-clang | 1.0.3 | 189.73 | OK | |||
r-devel-linux-x86_64-fedora-gcc | 1.0.3 | 183.94 | OK | |||
r-devel-windows-x86_64 | 1.0.3 | 37.00 | 106.00 | 143.00 | OK | |
r-patched-linux-x86_64 | 1.0.3 | 34.85 | 74.21 | 109.06 | OK | |
r-release-linux-x86_64 | 1.0.3 | 33.92 | 74.79 | 108.71 | OK | |
r-release-macos-arm64 | 1.0.3 | 52.00 | OK | |||
r-release-macos-x86_64 | 1.0.3 | 92.00 | OK | |||
r-release-windows-x86_64 | 1.0.3 | 39.00 | 106.00 | 145.00 | OK | |
r-oldrel-macos-arm64 | 1.0.3 | 57.00 | NOTE | |||
r-oldrel-macos-x86_64 | 1.0.3 | 90.00 | NOTE | |||
r-oldrel-windows-x86_64 | 1.0.3 | 48.00 | 137.00 | 185.00 | OK |
Version: 1.0.3
Check: CRAN incoming feasibility
Result: NOTE
Maintainer: ‘Viktoriya Krakovna <vkrakovna@gmail.com>’
No Authors@R field in DESCRIPTION.
Please add one, modifying
Authors@R: person(given = "Viktoriya",
family = "Krakovna",
role = c("aut", "cre"),
email = "vkrakovna@gmail.com")
as necessary.
The Description field contains
(2015), <arXiv:1506.02371>.
Please refer to arXiv e-prints via their arXiv DOI <doi:10.48550/arXiv.YYMM.NNNNN>.
Flavors: r-devel-linux-x86_64-debian-clang, r-devel-linux-x86_64-debian-gcc
Version: 1.0.3
Check: examples
Result: NOTE
Examples with CPU (user + system) or elapsed time > 5s
user system elapsed
sbfc_graph 4.779 0.104 6.302
sbfc 3.998 0.120 5.560
Flavor: r-devel-linux-x86_64-debian-clang
Version: 1.0.3
Check: installed package size
Result: NOTE
installed size is 5.4Mb
sub-directories of 1Mb or more:
data 2.3Mb
libs 3.0Mb
Flavors: r-oldrel-macos-arm64, r-oldrel-macos-x86_64