CRAN Package Check Results for Package scDiffCom

Last updated on 2022-05-25 02:52:30 CEST.

Flavor Version Tinstall Tcheck Ttotal Status Flags
r-devel-linux-x86_64-debian-clang 0.1.0 36.09 364.44 400.53 NOTE
r-devel-linux-x86_64-debian-gcc 0.1.0 31.46 290.42 321.88 NOTE
r-devel-linux-x86_64-fedora-clang 0.1.0 455.16 NOTE
r-devel-linux-x86_64-fedora-gcc 0.1.0 426.91 NOTE
r-devel-windows-x86_64 0.1.0 77.00 318.00 395.00 OK
r-patched-linux-x86_64 0.1.0 27.84 337.62 365.46 OK
r-release-linux-x86_64 0.1.0 OK
r-release-macos-arm64 0.1.0 108.00 NOTE
r-release-macos-x86_64 0.1.0 190.00 NOTE
r-release-windows-x86_64 0.1.0 69.00 311.00 380.00 OK
r-oldrel-macos-arm64 0.1.0 163.00 NOTE
r-oldrel-macos-x86_64 0.1.0 147.00 NOTE
r-oldrel-windows-ix86+x86_64 0.1.0 72.00 319.00 391.00 OK

Check Details

Version: 0.1.0
Check: package dependencies
Result: NOTE
    Package suggested but not available for checking: 'SingleCellSignalR'
Flavors: r-devel-linux-x86_64-debian-clang, r-devel-linux-x86_64-debian-gcc, r-devel-linux-x86_64-fedora-clang, r-devel-linux-x86_64-fedora-gcc

Version: 0.1.0
Check: dependencies in R code
Result: NOTE
    Namespaces in Imports field not imported from:
     ‘future’ ‘utils’
     All declared Imports should be used.
Flavors: r-devel-linux-x86_64-fedora-clang, r-devel-linux-x86_64-fedora-gcc, r-release-macos-arm64, r-release-macos-x86_64, r-oldrel-macos-arm64, r-oldrel-macos-x86_64

Version: 0.1.0
Check: package dependencies
Result: NOTE
    Package suggested but not available for checking: ‘ontoProc’
Flavor: r-release-macos-arm64

Version: 0.1.0
Check: package dependencies
Result: NOTE
    Packages suggested but not available for checking:
     'ontoProc', 'SingleCellSignalR'
Flavor: r-oldrel-macos-x86_64