CRAN Package Check Results for Package scRNAtools

Last updated on 2022-07-06 01:50:34 CEST.

Flavor Version Tinstall Tcheck Ttotal Status Flags
r-devel-linux-x86_64-debian-clang 1.0 21.28 187.41 208.69 NOTE
r-devel-linux-x86_64-debian-gcc 1.0 17.81 136.94 154.75 NOTE
r-devel-linux-x86_64-fedora-clang 1.0 250.57 NOTE
r-devel-linux-x86_64-fedora-gcc 1.0 251.27 NOTE
r-devel-windows-x86_64 1.0 44.00 205.00 249.00 OK
r-patched-linux-x86_64 1.0 20.90 181.49 202.39 NOTE
r-release-linux-x86_64 1.0 18.94 172.85 191.79 NOTE
r-release-macos-arm64 1.0 69.00 OK
r-release-macos-x86_64 1.0 113.00 OK
r-release-windows-x86_64 1.0 59.00 212.00 271.00 OK
r-oldrel-macos-arm64 1.0 101.00 OK
r-oldrel-macos-x86_64 1.0 85.00 OK
r-oldrel-windows-ix86+x86_64 1.0 46.00 206.00 252.00 OK

Check Details

Version: 1.0
Check: for non-standard things in the check directory
Result: NOTE
    Found the following files/directories:
     'untitled_consensus_cluster'
Flavors: r-devel-linux-x86_64-debian-clang, r-devel-linux-x86_64-debian-gcc, r-devel-linux-x86_64-fedora-clang, r-devel-linux-x86_64-fedora-gcc, r-patched-linux-x86_64, r-release-linux-x86_64