Last updated on 2025-10-31 01:49:12 CET.
| Flavor | Version | Tinstall | Tcheck | Ttotal | Status | Flags | 
|---|---|---|---|---|---|---|
| r-devel-linux-x86_64-debian-clang | 1.0.0.0 | 12.53 | 41.83 | 54.36 | OK | |
| r-devel-linux-x86_64-debian-gcc | 1.0.0.0 | 8.32 | 31.61 | 39.93 | OK | |
| r-devel-linux-x86_64-fedora-clang | 1.0.0.0 | 78.00 | 8.56 | 86.56 | OK | |
| r-devel-linux-x86_64-fedora-gcc | 1.0.0.0 | 63.00 | 20.71 | 83.71 | OK | |
| r-devel-windows-x86_64 | 1.0.0.0 | 13.00 | 55.00 | 68.00 | OK | |
| r-patched-linux-x86_64 | 1.0.0.0 | 0.27 | 1.85 | 2.12 | ERROR | |
| r-release-linux-x86_64 | 1.0.0.0 | 12.56 | 39.03 | 51.59 | OK | |
| r-release-macos-arm64 | 1.0.0.0 | 9.00 | 23.00 | 32.00 | OK | |
| r-release-macos-x86_64 | 1.0.0.0 | 14.00 | 42.00 | 56.00 | OK | |
| r-release-windows-x86_64 | 1.0.0.0 | 14.00 | 59.00 | 73.00 | OK | |
| r-oldrel-macos-arm64 | 1.0.0.0 | 9.00 | 23.00 | 32.00 | OK | |
| r-oldrel-macos-x86_64 | 1.0.0.0 | 10.00 | 33.00 | 43.00 | OK | |
| r-oldrel-windows-x86_64 | 1.0.0.0 | 18.00 | 68.00 | 86.00 | OK | 
Version: 1.0.0.0
Check: package dependencies
Result: ERROR
  Packages required but not available:
    'SingleCellExperiment', 'SummarizedExperiment'
  
  See section ‘The DESCRIPTION file’ in the ‘Writing R Extensions’
  manual.
Flavor: r-patched-linux-x86_64