Last updated on 2025-05-19 01:50:07 CEST.
Flavor | Version | Tinstall | Tcheck | Ttotal | Status | Flags |
---|---|---|---|---|---|---|
r-devel-linux-x86_64-debian-clang | 0.0.2 | 2.30 | 88.51 | 90.81 | OK | |
r-devel-linux-x86_64-debian-gcc | 0.0.2 | 1.60 | 61.49 | 63.09 | OK | |
r-devel-linux-x86_64-fedora-clang | 0.0.2 | 151.75 | OK | |||
r-devel-linux-x86_64-fedora-gcc | 0.0.2 | 164.97 | OK | |||
r-devel-windows-x86_64 | 0.0.2 | 4.00 | 117.00 | 121.00 | OK | |
r-patched-linux-x86_64 | 0.0.2 | 2.49 | 83.28 | 85.77 | OK | |
r-release-linux-x86_64 | 0.0.2 | 2.08 | 84.79 | 86.87 | OK | |
r-release-macos-arm64 | 0.0.2 | 95.00 | OK | |||
r-release-macos-x86_64 | 0.0.2 | 114.00 | OK | |||
r-release-windows-x86_64 | 0.0.2 | 3.00 | 119.00 | 122.00 | OK | |
r-oldrel-macos-arm64 | 0.0.2 | 53.00 | NOTE | |||
r-oldrel-macos-x86_64 | 0.0.2 | 87.00 | NOTE | |||
r-oldrel-windows-x86_64 | 0.0.2 | 5.00 | 133.00 | 138.00 | NOTE |
Version: 0.0.2
Check: LazyData
Result: NOTE
'LazyData' is specified without a 'data' directory
Flavors: r-oldrel-macos-arm64, r-oldrel-macos-x86_64, r-oldrel-windows-x86_64